pic 9

Clifton PWS

sun

Now
Today
Yesterday
This Month
This Year
Monthly records
All Time Records

Archive Charts Gauges NOAA Style reports Shap Weather Station

NOAA Style reports
Select a Year or Month report

Report for 2016 Sep
                   Monthly Climatological Summary for Sep 2016

Name: Clifton Weather Station   City: Clifton   State: Cumbria
Elevation: 159 m  Lat: N 54 37 51   Lon: W 002 43 06

                  Temperature (°C), Rain (mm), Wind Speed (mph)

                                      Heat  Cool        Avg
    Mean                              Deg   Deg         Wind                 Dom
Day Temp  High   Time   Low    Time   Days  Days  Rain  Speed High   Time    Dir
----------------------------------------------------------------------------------
01  15.3  18.6   13:47  12.5   05:59   3.0   0.0   0.0   3.3  22.8   18:20     S
02  16.3  19.1   13:07  13.6   23:56   2.1   0.0   0.0   3.2  15.9   15:04     S
03  14.4  16.7   09:12  13.3   00:18   3.9   0.0  10.2   1.6  13.0   14:21   SSE
04  15.3  19.9   16:27  12.7   03:37   3.1   0.1   0.3   1.3  13.0   12:07   WNW
05  17.0  22.5   17:00  12.9   05:35   2.1   0.8   1.2   1.4  13.0   10:34    SE
06  20.0  24.9   14:13  16.0   01:11   0.3   2.0   0.0   2.3  18.3   14:30     S
07  20.3  24.5   17:42  17.7   06:42   0.1   2.1   0.0   0.8  13.0   13:22   SSE
08  16.9  19.2   02:31  14.0   23:06   1.5   0.1   5.7   4.0  25.1   14:08     S
09  16.0  17.5   12:00  14.2   00:00   2.3   0.0  11.7   6.4  29.8   21:26   SSE
10  13.8  17.8   15:25  10.1   06:39   4.5   0.0   0.0   1.0  15.2   02:02   SSW
11  14.1  18.4   14:42   9.6   04:38   4.2   0.0   0.3   2.8  22.1   15:46    SE
12  17.4  21.5   14:43  13.4   02:15   1.8   0.9   0.0   4.9  26.6   12:28    SE
13  19.5  24.2   14:51  16.2   06:46   0.3   1.5   5.4   1.2  13.0   01:02   WSW
14  18.7  23.6   16:40  15.5   07:12   0.9   1.3   0.0   0.4   6.9   14:56   WSW
15  18.4  24.3   14:30  13.4   06:45   1.4   1.6   0.0   0.3   6.9   18:47    NW
16  15.0  17.5   16:19  11.5   23:47   3.3   0.0   2.4   2.9  18.3   14:51   WNW
17  12.3  17.5   15:21   7.7   07:18   6.0   0.0   0.0   0.7   9.8   13:30   WNW
18  12.6  18.3   14:06   5.8   07:12   5.7   0.0   0.0   0.9  11.4   16:37     S
19  14.1  17.2   16:32  11.7   07:15   4.2   0.0   0.9   1.4  11.4   10:21   WNW
20  13.4  17.9   16:36   8.4   06:27   4.9   0.0   0.0   0.2   5.4   12:15    NW
21  14.8  18.3   13:20  10.6   06:50   3.5   0.0   8.7   1.0  17.4   14:32    SE
22  13.1  15.9   13:57  10.6   20:58   5.2   0.0   8.7   2.5  13.0   10:21     S
23  12.8  16.4   15:08   7.5   07:14   5.5   0.0   1.2   2.3  18.3   16:26   SSE
24  15.5  18.2   15:04  12.4   03:28   2.8   0.0   0.6   4.9  25.9   13:40   SSE
25  13.7  16.0   00:58  10.4   23:57   4.6   0.0   3.0   4.1  24.4   16:12     S
26  11.2  14.4   12:25   7.8   03:58   7.1   0.0   1.8   0.8  13.6   12:44    SE
27  14.7  18.3   13:58  10.3   00:08   3.6   0.0   0.3   4.4  24.4   20:39     S
28  16.0  19.6   15:58  13.5   06:29   2.4   0.1   5.4   4.8  31.1   20:25     S
29  13.2  16.2   00:00  10.3   23:59   5.1   0.0   1.5   6.2  27.3   11:16   SSW
30  10.7  14.9   15:39   7.8   03:54   7.6   0.0   0.9   1.7  16.8   12:32   SSW
----------------------------------------------------------------------------------
    15.2  24.9     6     5.8    18   103.0  10.5  70.2   2.5  31.1    28       S

Max >=  27.0  0
Max <=   0.0  0
Min <=   0.0  0
Min <= -18.0  0
Max Rain: 11.7 on day 9
Days of Rain: 19 (>= 0.2 mm)  9 (>= 2.0 mm)  0 (>= 20.0 mm)
Heat Base: 18.3  Cool Base: 18.3  Method: Integration
Update : 09/01/2019 01:15:03
Powered by Cumulus :v3.0.0 (3043)