pic 9

Clifton PWS

sun

Now
Today
Yesterday
This Month
This Year
Monthly records
All Time Records

Archive Charts Gauges NOAA Style reports Shap Weather Station

NOAA Style reports
Select a Year or Month report

Report for 2016 Aug
                   Monthly Climatological Summary for Aug 2016

Name: Clifton Weather Station   City: Clifton   State: Cumbria
Elevation: 159 m  Lat: N 54 37 51   Lon: W 002 43 06

                  Temperature (°C), Rain (mm), Wind Speed (mph)

                                      Heat  Cool        Avg
    Mean                              Deg   Deg         Wind                 Dom
Day Temp  High   Time   Low    Time   Days  Days  Rain  Speed High   Time    Dir
----------------------------------------------------------------------------------
01  15.7  21.2   14:38  10.3   02:45   3.1   0.5   0.0   1.2  11.4   16:58     S
02  16.0  20.1   15:23  10.5   03:29   2.5   0.2   0.0   0.8  12.1   09:33   ESE
03  16.2  18.6   10:56  14.8   22:29   2.1   0.0   0.0   4.0  22.1   12:46     S
04  16.4  19.3   15:44  14.0   03:59   2.0   0.0   0.3   3.3  15.9   00:43    SW
05  16.8  20.8   17:17  13.8   05:50   1.9   0.4   0.0   1.8  14.5   13:55    SW
06  16.7  25.2   15:56   9.6   05:43   2.5   0.9   0.0   2.8  25.1   21:29   SSE
07  16.5  18.5   00:00  12.6   22:21   1.8   0.0   7.5   6.9  25.1   04:42     S
08  14.4  17.6   15:30  10.9   23:28   3.9   0.0   0.3   5.9  30.4   02:57   WSW
09  12.9  16.9   16:51   8.3   04:21   5.4   0.0   0.9   2.2  21.3   13:03     W
10  13.4  17.5   13:40  10.0   06:14   4.9   0.0   6.9   1.1  10.7   15:40    SW
11  15.4  17.7   14:45  12.0   00:08   2.9   0.0   8.7   3.6  19.0   23:40    SW
12  16.6  19.6   18:11  14.5   06:08   1.8   0.1   1.2   5.8  23.5   20:02   SSW
13  15.8  18.1   14:33  14.0   06:31   2.5   0.0   0.9   3.7  17.4   15:50    SW
14  15.8  19.7   15:49  13.7   07:15   2.5   0.1   0.0   1.1   9.8   07:13     W
15  16.2  23.1   17:41   8.5   06:12   3.3   1.2   0.0   0.8  10.7   14:40   SSE
16  17.2  24.7   15:27  10.6   05:42   2.7   1.6   0.0   0.5   9.2   15:41   ESE
17  16.7  22.8   16:59  10.5   05:14   2.7   1.1   0.0   0.7  10.7   14:47   ESE
18  17.1  23.6   18:24  10.6   04:33   2.5   1.3   0.0   0.7  12.1   14:35   ESE
19  14.9  16.9   15:35  13.0   04:09   3.4   0.0   8.7   0.9  13.6   11:09   ENE
20  15.0  17.9   17:01  13.1   02:40   3.3   0.0  26.7   3.7  28.9   15:23   SSE
21  16.1  19.5   15:47  14.0   01:54   2.4   0.1   1.5   3.0  19.0   09:17    SW
22  17.7  22.3   17:05  13.6   23:36   1.3   0.7   6.6   1.5  17.4   14:34   SSW
23  17.5  23.8   17:08  13.0   03:19   2.0   1.2   3.9   1.1  15.2   13:51     S
24  17.8  21.7   16:50  14.8   06:42   1.3   0.7   0.3   1.0   8.3   17:19   WNW
25  16.9  20.4   15:13  14.7   08:16   1.6   0.2   1.2   0.3   9.8   07:26     E
26  15.8  19.6   18:01  11.4   06:09   2.5   0.1   0.0   1.8  19.0   14:23     S
27  16.3  22.4   14:54  10.4   03:12   3.0   1.0   0.0   0.7  11.4   19:28   ESE
28  15.6  19.2   13:55  13.5   06:47   2.7   0.0  20.4   0.5   8.3   00:05   WNW
29  14.9  20.0   17:23   9.9   06:23   3.5   0.1   0.0   1.8  12.1   10:00    SW
30  17.3  21.8   13:35  13.4   06:05   1.5   0.5   0.0   2.3  19.7   13:44   SSE
31  17.0  20.6   13:27  14.4   23:31   1.5   0.1   0.0   4.4  24.4   03:22     S
----------------------------------------------------------------------------------
    16.1  25.2     6     8.3     9    81.0  12.1  96.0   2.2  30.4     8     SSW

Max >=  27.0  0
Max <=   0.0  0
Min <=   0.0  0
Min <= -18.0  0
Max Rain: 26.7 on day 20
Days of Rain: 16 (>= 0.2 mm)  8 (>= 2.0 mm)  2 (>= 20.0 mm)
Heat Base: 18.3  Cool Base: 18.3  Method: Integration
Update : 09/01/2019 01:15:03
Powered by Cumulus :v3.0.0 (3043)