pic 9

Clifton PWS

sun

Now
Today
Yesterday
This Month
This Year
Monthly records
All Time Records

Archive Charts Gauges NOAA Style reports Shap Weather Station

NOAA Style reports
Select a Year or Month report

Report for 2016 Jul
                   Monthly Climatological Summary for Jul 2016

Name: Clifton Weather Station   City: Clifton   State: Cumbria
Elevation: 159 m  Lat: N 54 37 51   Lon: W 002 43 06

                  Temperature (°C), Rain (mm), Wind Speed (mph)

                                      Heat  Cool        Avg
    Mean                              Deg   Deg         Wind                 Dom
Day Temp  High   Time   Low    Time   Days  Days  Rain  Speed High   Time    Dir
----------------------------------------------------------------------------------
01  13.9  17.1   17:05  10.8   05:59   4.4   0.0   8.7   3.1  19.0   13:55   SSW
02  14.5  16.0   13:11  10.8   22:55   3.8   0.0   7.8   3.8  23.5   12:43    SW
03  13.5  18.2   16:09   9.8   03:30   4.8   0.0   0.9   2.6  19.7   13:50   SSW
04  14.8  20.2   12:34  11.3   04:24   3.6   0.1   3.9   1.2  16.8   10:53   SSE
05  14.4  17.4   18:01  11.4   05:00   3.9   0.0   0.9   3.0  18.3   17:51     W
06  13.9  17.9   16:02   7.6   04:56   4.4   0.0   0.0   2.3  20.6   21:55     S
07  17.1  20.6   14:12  14.5   05:31   1.7   0.5   0.3   2.6  18.3   01:20     S
08  16.6  19.7   17:04  14.4   23:59   1.9   0.1   3.3   4.2  20.6   12:55   SSW
09  17.3  20.4   18:42  13.5   00:53   1.3   0.3   1.8   4.6  28.9   19:36   SSE
10  16.4  18.6   15:57  14.8   23:16   1.9   0.0   0.9   5.4  27.3   17:55   SSE
11  15.6  18.7   15:22  12.9   23:06   2.7   0.0   5.1   2.6  21.3   14:22    SW
12  13.8  17.0   16:21   9.8   05:32   4.5   0.0   0.0   1.8  13.0   16:16   WSW
13  14.1  18.4   16:57   9.6   04:28   4.2   0.0   0.0   2.7  19.0   18:14    SW
14  14.7  20.9   16:13   8.6   04:02   3.9   0.3   0.0   1.5  13.0   17:54   WSW
15  16.0  20.6   18:58  10.8   03:00   2.6   0.3   0.3   1.9  22.1   21:53     S
16  16.6  20.2   14:50  13.6   23:56   1.8   0.1   0.0   3.3  18.3   15:17   WSW
17  17.0  22.0   14:25  11.7   05:17   2.2   0.9   0.0   1.5  13.6   14:26   SSW
18  20.2  25.3   17:08  14.5   01:41   0.9   2.8   0.0   1.9  15.2   16:39     S
19  22.7  30.5   17:15  14.0   04:59   1.0   5.4   0.0   1.0  13.0   14:27    SE
20  21.2  25.6   15:05  17.1   23:55   0.1   3.0   0.0   1.5  15.2   07:40   SSW
21  18.6  22.4   13:15  14.0   04:31   1.0   1.2   0.0   1.5  13.0   11:27     S
22  19.5  23.7   13:29  15.6   05:01   0.5   1.7   0.0   1.3  12.1   10:16   SSE
23  18.1  22.4   16:41  12.6   05:28   1.2   1.1   0.0   1.2  10.7   17:12     S
24  18.3  22.3   15:20  15.4   04:28   0.9   0.8   0.3   1.8  18.3   16:46   SSE
25  16.3  20.0   17:01  13.8   04:00   2.0   0.1   0.6   3.1  16.8   17:55   SSW
26  16.4  20.6   14:27  12.9   05:40   2.1   0.2   0.3   2.3  13.6   13:49     S
27  16.1  19.2   15:28  13.5   23:25   2.3   0.1   6.0   2.6  15.2   11:01     W
28  15.4  18.6   18:07  12.4   04:37   2.9   0.0   6.0   0.6  13.6   13:56    SE
29  17.6  22.0   17:33  13.9   23:59   1.5   0.8   1.5   1.6  11.4   17:41   WNW
30  14.9  20.3   14:55  10.8   04:12   3.4   0.0   0.3   2.4  16.8   15:37    SW
31  14.6  18.9   15:48  10.1   05:33   3.7   0.0   0.0   2.5  24.4   15:48   WSW
----------------------------------------------------------------------------------
    16.5  30.5    19     7.6     6    77.1  19.8  48.9   2.4  28.9     9     SSW

Max >=  27.0  1
Max <=   0.0  0
Min <=   0.0  0
Min <= -18.0  0
Max Rain: 8.7 on day 1
Days of Rain: 18 (>= 0.2 mm)  7 (>= 2.0 mm)  0 (>= 20.0 mm)
Heat Base: 18.3  Cool Base: 18.3  Method: Integration
Update : 09/01/2019 01:15:03
Powered by Cumulus :v3.0.0 (3043)