pic 9

Clifton PWS

sun

Now
Today
Yesterday
This Month
This Year
Monthly records
All Time Records

Archive Charts Gauges NOAA Style reports Shap Weather Station

NOAA Style reports
Select a Year or Month report

Report for 2016 Jun
                   Monthly Climatological Summary for Jun 2016

Name: Clifton Weather Station   City: Clifton   State: Cumbria
Elevation: 159 m  Lat: N 54 37 51   Lon: W 002 43 06

                  Temperature (°C), Rain (mm), Wind Speed (mph)

                                      Heat  Cool        Avg
    Mean                              Deg   Deg         Wind                 Dom
Day Temp  High   Time   Low    Time   Days  Days  Rain  Speed High   Time    Dir
----------------------------------------------------------------------------------
01  13.2  17.0   11:20   9.4   23:49   5.1   0.0   0.0   2.0  13.6   21:07    NW
02  12.1  19.1   19:02   6.4   05:19   6.2   0.0   0.0   1.7  15.9   15:03    NW
03  14.1  21.4   16:46   5.7   04:55   4.8   0.5   0.0   0.9  10.7   14:41    NW
04  18.2  25.0   15:34  13.1   04:07   1.8   1.7   0.0   0.7  12.1   16:54   ESE
05  18.2  26.1   13:57  10.7   04:56   2.2   2.2   1.2   0.5   9.2   16:07   ESE
06  20.5  27.7   16:20  14.6   04:40   0.8   3.0   0.3   0.6  11.4   18:35   WNW
07  19.4  26.4   12:33  13.4   04:52   1.1   2.2   3.3   0.7  11.4   13:40     W
08  18.7  24.8   12:56  14.2   04:25   1.2   1.6   1.2   0.7   9.2   14:20     E
09  18.3  24.7   12:28  13.3   04:29   1.5   1.5   0.6   0.5   8.3   13:10    SW
10  17.6  23.9   15:01  13.0   04:21   1.8   1.1   2.7   0.2   6.9   16:41   ENE
11  15.3  18.6   13:31  13.0   05:37   3.0   0.0  14.7   0.3   6.0   00:51   ENE
12  16.2  22.1   15:03  12.9   01:18   2.7   0.6   9.0   0.5  12.1   16:51    SE
13  15.9  19.7   13:48  13.7   04:42   2.5   0.1   0.0   0.2   6.9   20:16     E
14  16.4  21.4   17:34  12.6   04:39   2.4   0.5   0.3   0.8   9.2   15:18    NW
15  16.6  22.2   17:36  11.8   02:37   2.5   0.8   0.0   0.3   6.9   14:15   NNE
16  15.5  19.7   14:01  12.2   04:49   2.9   0.2   0.0   0.7   8.3   05:41    NW
17  13.1  16.2   12:22  11.3   05:36   5.2   0.0   2.7   1.2   9.2   19:50    NW
18  14.4  20.3   18:36  10.6   23:51   4.1   0.1   0.0   1.1  11.4   20:04   WNW
19  14.8  17.8   12:06   9.7   03:18   3.5   0.0   3.3   2.1  18.3   21:13   SSE
20  16.8  19.6   13:37  13.5   23:36   1.7   0.1   0.3   2.7  21.3   15:03    SW
21  16.5  22.1   16:43  12.9   04:38   2.3   0.5   0.0   2.4  15.9   13:36     S
22  17.4  21.9   17:00  12.5   23:56   1.9   1.0   0.0   3.4  18.3   11:16   SSE
23  16.7  23.2   15:40  10.1   04:21   2.8   1.2   0.0   1.4  11.4   12:54     S
24  16.2  20.2   18:13  10.9   23:58   2.2   0.1   2.1   1.9  13.0   09:08     S
25  13.2  18.4   12:35   7.0   05:28   5.1   0.0   9.3   0.5   8.3   15:29   WNW
26  14.8  19.5   13:29  11.1   04:39   3.5   0.0   2.7   1.3  13.6   12:35    SW
27  14.5  18.3   16:55  11.6   23:51   3.8   0.0   0.3   4.1  22.8   12:15   WSW
28  12.4  16.2   09:59   8.2   04:23   5.9   0.0   7.2   0.3   7.6   11:40    SE
29  12.2  14.2   18:24  10.4   03:07   6.1   0.0   9.0   1.4  13.6   16:07   WSW
30  13.1  16.4   14:22  10.2   03:14   5.2   0.0   8.4   2.4  17.4   18:30     S
----------------------------------------------------------------------------------
    15.7  27.7     6     5.7     3    95.8  19.0  78.6   1.2  22.8    27      SW

Max >=  27.0  1
Max <=   0.0  0
Min <=   0.0  0
Min <= -18.0  0
Max Rain: 14.7 on day 11
Days of Rain: 19 (>= 0.2 mm)  12 (>= 2.0 mm)  0 (>= 20.0 mm)
Heat Base: 18.3  Cool Base: 18.3  Method: Integration
Update : 09/01/2019 01:15:03
Powered by Cumulus :v3.0.0 (3043)