pic 9

Clifton PWS

sun

Now
Today
Yesterday
This Month
This Year
Monthly records
All Time Records

Archive Charts Gauges NOAA Style reports Shap Weather Station

NOAA Style reports
Select a Year or Month report

Report for 2016 May
                   Monthly Climatological Summary for May 2016

Name: Clifton Weather Station   City: Clifton   State: Cumbria
Elevation: 159 m  Lat: N 54 37 51   Lon: W 002 43 06

                  Temperature (°C), Rain (mm), Wind Speed (mph)

                                      Heat  Cool        Avg
    Mean                              Deg   Deg         Wind                 Dom
Day Temp  High   Time   Low    Time   Days  Days  Rain  Speed High   Time    Dir
----------------------------------------------------------------------------------
01   9.2  13.3   15:14   4.8   00:39   9.1   0.0   0.0   5.6  22.8   23:03   SSE
02  10.7  13.7   15:15   6.6   22:41   7.6   0.0   3.0   7.3  26.6   06:39   SSW
03   9.0  12.7   15:30   6.3   01:40   9.3   0.0   0.6   5.5  25.1   16:23    SW
04  10.6  15.0   17:51   6.4   06:00   7.7   0.0   0.0   4.3  24.4   14:03   SSE
05  12.3  17.4   17:22   8.1   00:47   6.0   0.0   0.0   5.1  23.5   10:18     S
06  14.3  21.6   16:14   8.2   05:54   4.5   0.5   0.0   0.5   9.8   14:26     E
07  14.2  21.9   15:06   7.2   05:48   4.6   0.5   0.0   0.8   9.8   15:08   ESE
08  18.2  26.5   16:26  10.6   04:27   2.6   2.4   0.0   1.4  18.3   11:53     E
09  17.5  25.1   15:35   9.5   05:41   2.8   2.0   0.0   1.2  18.3   12:54   ENE
10  15.6  23.2   13:59   8.8   05:16   3.7   1.0   0.0   1.4  16.8   13:52     E
11  17.0  24.0   15:38  12.5   05:16   2.5   1.2   0.0   1.7  15.9   11:09   NNE
12  16.3  21.8   14:15  11.1   23:55   2.9   0.9   0.0   1.6  12.1   13:26     N
13  10.3  14.9   11:57   4.9   23:59   8.0   0.0   0.0   1.2   7.6   04:15   NNW
14   8.0  14.2   17:15   1.7   04:13  10.3   0.0   0.0   1.9  13.6   12:44   WNW
15  10.1  16.1   15:29   2.8   05:01   8.2   0.0   0.0   1.2  10.7   18:16     W
16  10.1  15.7   16:00   2.7   05:36   8.2   0.0   0.0   1.3   9.8   13:30   WNW
17  11.8  18.5   16:37   4.4   04:06   6.5   0.0   0.0   3.0  21.3   23:02     S
18  13.3  17.1   18:25  10.5   04:54   5.0   0.0   0.3   2.7  20.6   01:03     S
19  12.7  16.0   12:16   9.6   05:35   5.6   0.0   0.0   3.2  22.8   16:40   SSE
20  13.0  16.8   14:48  10.8   05:10   5.3   0.0   2.4   2.8  19.7   14:45     S
21  13.3  16.9   14:52  10.2   23:37   5.0   0.0   4.5   4.3  22.1   10:40   SSE
22  12.9  17.2   15:22   8.3   23:49   5.3   0.0   0.3   1.3  13.6   10:21    SW
23  12.2  18.6   16:01   5.1   05:09   6.1   0.0   0.0   1.2  11.4   17:02   WNW
24  12.2  19.0   12:52   5.8   05:26   6.2   0.0   0.0   0.8   9.2   15:33   NNE
25  10.2  16.1   17:47   6.1   03:21   8.1   0.0   3.9   1.2  12.1   19:23   NNW
26  11.3  14.7   10:54   8.1   00:30   7.0   0.0   4.2   0.9   9.2   01:32    NW
27  14.3  21.4   17:15   8.1   05:59   4.2   0.3   0.3   0.5   6.9   04:23     E
28  14.5  20.2   18:51   8.8   05:08   4.0   0.2   0.3   0.8   9.8   23:50     E
29  14.7  22.3   15:02   7.0   05:00   4.2   0.7   0.0   0.7   8.3   16:44   ESE
30  13.7  20.2   17:26   7.0   05:19   4.8   0.2   0.0   1.0   9.8   12:10   NNW
31  14.1  20.0   15:45   8.8   04:52   4.4   0.2   0.0   2.1  14.5   09:51    NW
----------------------------------------------------------------------------------
    12.8  26.5     8     1.7    14   179.7  10.1  19.8   2.2  26.6     2       S

Max >=  27.0  0
Max <=   0.0  0
Min <=   0.0  0
Min <= -18.0  0
Max Rain: 4.5 on day 21
Days of Rain: 10 (>= 0.2 mm)  5 (>= 2.0 mm)  0 (>= 20.0 mm)
Heat Base: 18.3  Cool Base: 18.3  Method: Integration
Update : 09/01/2019 01:15:03
Powered by Cumulus :v3.0.0 (3043)