pic 9

Clifton PWS

sun

Now
Today
Yesterday
This Month
This Year
Monthly records
All Time Records

Archive Charts Gauges NOAA Style reports Shap Weather Station

NOAA Style reports
Select a Year or Month report

Report for 2016 Apr
                   Monthly Climatological Summary for Apr 2016

Name: Clifton Weather Station   City: Clifton   State: Cumbria
Elevation: 159 m  Lat: N 54 37 51   Lon: W 002 43 06

                  Temperature (°C), Rain (mm), Wind Speed (mph)

                                      Heat  Cool        Avg
    Mean                              Deg   Deg         Wind                 Dom
Day Temp  High   Time   Low    Time   Days  Days  Rain  Speed High   Time    Dir
----------------------------------------------------------------------------------
01   5.3   7.5   11:30   1.9   03:30  13.0   0.0   6.6   5.8  34.9   17:58   SSE
02   8.3  10.3   13:08   6.2   23:49  10.0   0.0   5.1   2.3  20.6   02:22   SSE
03   9.1  13.2   15:09   6.1   00:13   9.2   0.0   0.3   1.3  14.5   15:48   SSE
04   9.2  11.5   13:46   7.7   22:31   9.1   0.0   7.5   2.3  18.3   14:30   SSE
05   8.4  11.4   14:44   6.2   23:56   9.9   0.0   3.6   4.2  19.7   15:45    SW
06   6.6   7.9   01:53   4.6   23:56  11.7   0.0   4.5   7.0  32.0   17:14    SW
07   7.7  12.2   17:33   4.1   00:58  10.6   0.0   5.7   3.8  19.0   01:37   WSW
08   7.7  11.3   15:09   4.5   05:36  10.6   0.0   0.0   2.7  18.3   16:06     S
09   6.6  12.7   15:22   2.2   23:29  11.7   0.0   7.5   1.7  14.5   03:33    SW
10   6.0  13.2   17:03   0.0   06:48  12.3   0.0   0.0   0.8  16.8   20:25     E
11   8.7  15.5   15:53   3.0   05:38   9.6   0.0   0.0   1.9  22.8   15:33    NE
12   8.3   9.6   15:31   7.0   04:00  10.0   0.0  13.2   0.5   7.6   03:47    NW
13   8.2  11.0   13:18   6.6   23:38  10.1   0.0   4.5   0.7   7.6   15:29    NW
14   8.2  11.4   16:16   6.1   04:20  10.1   0.0   0.0   0.9   8.3   13:49     N
15   5.9  10.4   15:27   3.0   22:04  12.4   0.0   3.6   0.9  13.0   16:22   NNE
16   3.6   7.9   14:51  -0.3   05:08  14.7   0.0   0.3   2.6  15.2   14:59   WNW
17   4.9  10.2   13:44  -1.9   06:07  13.4   0.0   0.0   3.5  19.7   18:00    SW
18   8.7  11.2   15:44   5.9   23:52   9.6   0.0   0.0   6.7  24.4   13:23    SW
19   8.0  14.6   17:44   2.0   05:31  10.3   0.0   0.0   1.1  10.7   17:47   WNW
20   8.7  16.0   15:50   1.5   05:53   9.6   0.0   0.0   1.1   9.8   12:52   WNW
21   9.9  19.3   16:58   2.7   05:51   8.5   0.0   0.0   0.7  11.4   17:01     N
22   7.6  12.8   16:20   2.4   23:55  10.7   0.0   0.0   0.8   8.3   17:35   NNE
23   5.5  10.0   15:50   1.1   04:05  12.8   0.0   0.0   1.6  12.1   12:10   WNW
24   6.4  11.0   18:32   2.2   02:44  11.9   0.0   1.8   1.4  12.1   14:55   WSW
25   6.2   8.8   15:19   3.1   22:30  12.1   0.0   0.6   3.3  22.8   15:39    NW
26   4.4   9.0   15:38   1.6   03:15  13.9   0.0   0.3   3.6  21.3   14:19    NW
27   3.9   7.7   13:59   0.9   23:32  14.4   0.0   0.3   1.7  15.2   12:33   WNW
28   2.6   7.1   11:27  -1.1   06:00  15.7   0.0   6.6   1.8  17.4   23:51     S
29   3.7   6.8   18:32   1.1   06:20  14.6   0.0   7.2   5.1  23.5   02:42     W
30   5.8  10.7   16:58   0.0   05:29  12.5   0.0   0.0   2.8  15.2   09:55    SW
----------------------------------------------------------------------------------
     6.8  19.3    21    -1.9    17   345.0   0.0  79.2   2.5  34.9     1      SW

Max >=  27.0  0
Max <=   0.0  0
Min <=   0.0  5
Min <= -18.0  0
Max Rain: 13.2 on day 12
Days of Rain: 18 (>= 0.2 mm)  12 (>= 2.0 mm)  0 (>= 20.0 mm)
Heat Base: 18.3  Cool Base: 18.3  Method: Integration
Update : 09/01/2019 01:15:03
Powered by Cumulus :v3.0.0 (3043)