pic 9

Clifton PWS

sun

Now
Today
Yesterday
This Month
This Year
Monthly records
All Time Records

Archive Charts Gauges NOAA Style reports Shap Weather Station

NOAA Style reports
Select a Year or Month report

Report for 2016 Mar
                   Monthly Climatological Summary for Mar 2016

Name: Clifton Weather Station   City: Clifton   State: Cumbria
Elevation: 159 m  Lat: N 54 37 51   Lon: W 002 43 06

                  Temperature (°C), Rain (mm), Wind Speed (mph)

                                      Heat  Cool        Avg
    Mean                              Deg   Deg         Wind                 Dom
Day Temp  High   Time   Low    Time   Days  Days  Rain  Speed High   Time    Dir
----------------------------------------------------------------------------------
01   7.0  10.6   11:09   2.4   21:32  11.3   0.0  19.5   6.4  26.6   12:07   SSW
02   3.3   5.8   14:07   1.1   05:21  15.0   0.0   6.6   4.5  31.1   20:56     W
03   3.2   6.8   14:40  -0.6   04:54  15.1   0.0   4.2   0.9  12.1   00:18     S
04   3.7   6.1   13:48   1.3   01:46  14.6   0.0   6.9   2.5  18.3   13:08     N
05   3.1   5.7   14:17   1.4   04:10  15.2   0.0   0.0   2.5  15.9   18:23    NW
06   2.2   5.4   14:36  -0.5   03:06  16.1   0.0   0.3   1.1   8.3   11:29   WNW
07   1.2   5.5   16:12  -2.2   06:38  17.1   0.0   0.0   1.3   9.8   11:31   WNW
08   3.8   7.9   15:26  -2.1   01:09  14.5   0.0   0.0   2.2  23.5   09:33     S
09   4.3   6.2   12:47   1.5   23:57  14.0   0.0   2.4   2.2  14.5   14:52    NW
10   5.5  10.1   15:28   0.9   01:36  12.8   0.0   0.0   0.9   9.8   07:22     W
11   5.7  10.9   13:52   0.3   06:23  12.6   0.0   0.6   1.0  11.4   10:53   SSE
12   8.2  12.2   12:16   4.5   05:05  10.1   0.0   0.0   0.8   9.2   12:59   SSE
13   9.5  14.3   14:33   5.6   23:42   8.8   0.0   0.0   0.3   6.0   13:22   NNE
14   6.8  12.6   15:33   1.7   07:07  11.5   0.0   0.0   0.6  10.7   14:51   ESE
15   7.0  12.9   15:26   3.3   01:17  11.2   0.0   0.0   0.7   6.9   13:26   NNW
16   5.9  11.2   12:52   2.4   05:55  12.4   0.0   0.0   1.1   9.2   22:51     S
17   5.1  11.2   15:33  -0.1   06:24  13.2   0.0   0.0   0.9   9.8   00:03   NNW
18   5.3   8.8   13:42   2.0   00:27  13.0   0.0   0.0   0.9   9.2   19:45   NNW
19   6.7   9.5   13:03   4.6   05:19  11.6   0.0   0.0   0.8   8.3   13:18     N
20   7.0  11.4   15:11   2.2   23:57  11.3   0.0   0.0   1.0   9.2   12:49   WNW
21   6.7  11.0   14:11   0.9   01:51  11.6   0.0   0.0   3.2  15.9   17:07   WSW
22   8.1  10.1   13:34   6.5   05:11  10.2   0.0   0.0   1.6   9.8   09:03     W
23   7.0   8.7   16:07   5.8   19:53  11.3   0.0   0.0   2.0  14.5   16:49   SSW
24   8.0  11.4   13:49   6.1   00:15  10.3   0.0   1.2   4.4  22.8   09:55   SSW
25   8.1  12.0   14:44   4.4   06:59  10.2   0.0   0.3   5.4  31.1   15:58     S
26   8.2  11.8   14:16   5.8   21:14  10.1   0.0  12.3   7.0  39.6   19:09   SSE
27   6.1   8.2   12:49   4.4   06:36  11.7   0.0  10.8  10.1  32.7   04:45   SSE
28   5.7   9.1   15:26   3.3   08:14  12.6   0.0   0.6   3.8  22.8   14:52   WSW
29   5.1   9.1   16:19   2.0   06:42  13.2   0.0   6.9   2.0  22.1   11:52     S
30   5.3  10.0   16:21   1.0   02:57  13.0   0.0   1.2   2.0  15.2   15:11    SW
31   5.7  11.1   13:46   1.0   03:20  12.6   0.0   0.3   0.6  11.4   18:28     S
----------------------------------------------------------------------------------
     5.8  14.3    13    -2.2     7   388.2   0.0  74.1   2.4  39.6    26     SSW

Max >=  27.0  0
Max <=   0.0  0
Min <=   0.0  5
Min <= -18.0  0
Max Rain: 19.5 on day 1
Days of Rain: 15 (>= 0.2 mm)  8 (>= 2.0 mm)  0 (>= 20.0 mm)
Heat Base: 18.3  Cool Base: 18.3  Method: Integration
Update : 09/01/2019 01:15:03
Powered by Cumulus :v3.0.0 (3043)