pic 9

Clifton PWS

sun

Now
Today
Yesterday
This Month
This Year
Monthly records
All Time Records

Archive Charts Gauges NOAA Style reports Shap Weather Station

NOAA Style reports
Select a Year or Month report

Report for 2016 Feb
                   Monthly Climatological Summary for Feb 2016

Name: Clifton Weather Station   City: Clifton   State: Cumbria
Elevation: 159 m  Lat: N 54 37 51   Lon: W 002 43 06

                  Temperature (°C), Rain (mm), Wind Speed (mph)

                                      Heat  Cool        Avg
    Mean                              Deg   Deg         Wind                 Dom
Day Temp  High   Time   Low    Time   Days  Days  Rain  Speed High   Time    Dir
----------------------------------------------------------------------------------
01   9.3  11.5   09:49   6.0   20:02   9.0   0.0   4.5  14.2  47.9   21:15   SSW
02   5.6   6.9   00:50   3.6   23:44  12.7   0.0   0.3  13.2  44.1   00:39    SW
03   4.3   6.4   14:27   2.2   02:45  14.0   0.0   1.2   3.8  23.5   00:21   WSW
04   8.2  10.0   12:26   4.1   01:39  10.1   0.0   1.8   3.3  23.5   07:34   WSW
05   8.3   9.7   04:04   3.5   23:47  10.0   0.0   5.7   7.4  38.0   16:44     S
06   5.4   8.2   17:42   2.4   00:42  12.9   0.0   9.6   3.3  25.9   19:04   SSE
07   5.3   7.4   12:02   2.9   19:59  13.0   0.0   8.4   7.5  32.0   15:14     S
08   5.9   7.2   13:00   4.9   02:38  12.4   0.0  13.5   6.9  27.3   00:07   SSW
09   4.5   5.4   12:38   3.5   08:22  13.8   0.0   8.1   4.8  19.7   07:11   SSW
10   3.4   6.1   14:14   0.8   08:32  14.9   0.0   0.3   2.0  16.8   13:44     W
11   2.9   7.4   14:48   0.2   07:53  15.4   0.0   0.0   1.3   9.8   09:08    SW
12   3.7   7.4   14:46   1.3   00:00  14.6   0.0   0.0   0.6   9.8   11:32   ESE
13   2.9   6.4   15:14   0.9   05:01  15.3   0.0   2.7   0.5   9.8   12:43    NE
14   1.4   3.3   12:36  -0.1   08:50  16.9   0.0   0.3   2.1  13.6   22:26   NNW
15   0.2   4.0   14:46  -2.2   23:58  18.1   0.0   0.0   1.5  11.4   00:02   WNW
16   1.9   4.6   15:35  -2.5   00:30  16.4   0.0   2.4   5.1  28.2   20:45   SSE
17   3.9   5.2   08:23   0.9   23:20  14.4   0.0   8.4   4.3  26.6   03:26   SSE
18   1.9   6.4   14:46  -2.0   07:29  16.4   0.0   0.0   1.3  15.2   13:31     S
19   4.8   8.8   19:57   1.0   04:27  13.5   0.0   2.7   5.2  32.0   23:39     S
20   6.2   7.2   16:14   5.3   09:42  12.1   0.0   6.0   8.3  34.2   21:22    SW
21   6.8   9.3   13:47   4.3   23:36  11.5   0.0   6.0   4.1  25.1   02:14    SW
22   4.5   6.9   14:54   2.6   03:45  13.8   0.0   0.9   5.6  24.4   02:33    SW
23   2.5   6.1   15:09  -0.5   23:55  15.8   0.0   0.0   1.1  13.0   13:01     W
24   0.9   4.6   15:09  -2.6   04:07  17.4   0.0   0.3   0.3   4.5   11:43     N
25   0.4   4.1   14:18  -3.1   06:26  17.9   0.0   0.0   0.1   5.4   15:22     W
26   2.7   7.6   15:11  -1.4   23:40  15.6   0.0   0.0   0.4   7.6   10:51   ESE
27   1.2   4.9   11:35  -2.8   07:13  17.0   0.0   0.0   0.5   7.6   16:09     W
28   1.8   7.2   15:16  -1.7   06:54  16.4   0.0   0.0   0.6   6.0   14:26   WSW
29   2.4   5.2   14:38  -0.8   00:00  15.9   0.0   0.9   2.7  19.0   17:03    SE
----------------------------------------------------------------------------------
     3.9  11.5     1    -3.1    25   417.2   0.0  84.0   3.9  47.9     1     SSW

Max >=  27.0  0
Max <=   0.0  0
Min <=   0.0 11
Min <= -18.0  0
Max Rain: 13.5 on day 8
Days of Rain: 20 (>= 0.2 mm)  12 (>= 2.0 mm)  0 (>= 20.0 mm)
Heat Base: 18.3  Cool Base: 18.3  Method: Integration
Update : 09/01/2019 01:15:03
Powered by Cumulus :v3.0.0 (3043)