pic 9

Clifton PWS

sun

Now
Today
Yesterday
This Month
This Year
Monthly records
All Time Records

Archive Charts Gauges NOAA Style reports Shap Weather Station

NOAA Style reports
Select a Year or Month report

Report for 2016 Jan
                   Monthly Climatological Summary for Jan 2016

Name: Clifton Weather Station   City: Clifton   State: Cumbria
Elevation: 159 m  Lat: N 54 37 51   Lon: W 002 43 06

                  Temperature (°C), Rain (mm), Wind Speed (mph)

                                      Heat  Cool        Avg
    Mean                              Deg   Deg         Wind                 Dom
Day Temp  High   Time   Low    Time   Days  Days  Rain  Speed High   Time    Dir
----------------------------------------------------------------------------------
01   3.0   5.7   23:29   0.4   07:50  15.3   0.0   1.8   1.9  19.7   19:14     E
02   7.3   8.6   12:44   5.7   00:00  11.0   0.0   4.8   1.3  18.3   04:19   ENE
03   6.9   8.1   11:28   5.7   16:20  11.4   0.0  19.2   1.1  13.6   06:07     E
04   6.4   7.3   12:26   5.6   08:14  11.9   0.0   0.3   1.2  17.4   11:56   ENE
05   6.8   8.0   12:12   6.1   23:56  11.5   0.0   5.4   0.4  10.7   03:47     E
06   6.3   7.5   13:02   5.6   04:51  12.0   0.0   1.2   0.8  12.1   23:28   ENE
07   5.2   6.2   11:02   3.4   23:58  13.1   0.0  13.2   4.5  22.8   12:59   WSW
08   2.9   5.7   15:17   0.4   04:37  15.4   0.0   1.8   0.7  11.4   00:19   SSE
09   4.8   6.6   14:11   2.9   00:00  13.5   0.0  14.1   0.9  17.4   22:55   ESE
10   4.9   6.3   11:13   3.0   23:12  13.4   0.0   4.8   6.4  30.4   11:02     S
11   3.6   5.9   12:50   2.1   07:21  14.7   0.0   1.5   1.0  13.0   00:33   SSE
12   3.9   5.3   00:35   3.2   07:23  14.4   0.0   4.5   3.0  15.2   09:43     W
13   2.5   4.9   13:24   0.9   18:22  15.8   0.0   6.3   1.5  13.6   01:33    SW
14   0.9   2.0   00:00   0.2   11:51  17.4   0.0   2.1   3.1  17.4   07:16   WNW
15   0.9   3.3   12:31  -2.1   07:22  17.4   0.0   0.3   2.1  14.5   00:21   WSW
16  -1.0   1.3   12:44  -3.8   07:46  19.3   0.0   0.0   0.1   4.5   00:30    SW
17   0.7   2.6   12:59  -1.6   08:50  17.6   0.0 182.1   0.3   9.2   23:42     E
18   2.8   5.1   12:47   1.6   03:19  15.5   0.0  60.0   0.2   6.0   00:04     E
19   3.3   5.2   12:34   0.9   23:58  15.0   0.0   0.3   0.2   6.9   19:49   SSW
20   1.2   4.6   14:07  -0.9   08:16  17.1   0.0   0.0   0.2   5.4   20:12     E
21   2.8   6.2   23:43  -0.8   01:57  15.5   0.0   0.6   0.9  10.7   23:45     E
22   7.8  10.2   14:13   5.7   02:54  10.5   0.0   4.2   5.5  25.1   17:34   SSE
23   8.2   9.8   12:43   6.0   07:35  10.1   0.0   0.3   4.3  22.8   00:06   SSE
24  11.9  13.5   17:26   8.9   00:00   6.4   0.0   0.3   7.5  28.9   12:32   SSE
25  10.5  13.0   00:17   5.8   22:09   7.8   0.0   2.1   6.2  36.5   15:06   SSE
26   9.0  12.0   16:15   6.4   06:07   9.3   0.0  19.8   9.7  45.6   15:45   SSE
27   8.1  11.7   11:02   3.6   23:51  10.2   0.0  11.7   8.8  39.6   09:54   SSW
28   6.7  10.4   23:59   3.6   00:02  11.6   0.0  10.5   8.5  37.4   16:22     S
29   8.8  11.1   01:56   6.3   19:36   9.5   0.0   6.6  13.4  47.9   08:44   SSW
30   3.7   6.8   00:42   2.7   04:02  14.6   0.0   1.8  10.2  33.6   10:48    SW
31   5.3  10.5   23:59   3.1   07:58  13.0   0.0   5.4   2.6  19.7   00:58   SSW
----------------------------------------------------------------------------------
     5.0  13.5    24    -3.8    16   411.2   0.0 387.0   3.5  47.9    29       S

Max >=  27.0  0
Max <=   0.0  0
Min <=   0.0  5
Min <= -18.0  0
Max Rain: 182.1 on day 17
Days of Rain: 29 (>= 0.2 mm)  18 (>= 2.0 mm)  2 (>= 20.0 mm)
Heat Base: 18.3  Cool Base: 18.3  Method: Integration
Update : 09/01/2019 01:15:03
Powered by Cumulus :v3.0.0 (3043)