pic 9

Clifton PWS

sun

Now
Today
Yesterday
This Month
This Year
Monthly records
All Time Records

Archive Charts Gauges NOAA Style reports Shap Weather Station

NOAA Style reports
Select a Year or Month report

Report for 2015 Dec
                   Monthly Climatological Summary for Dec 2015

Name: Clifton Weather Station   City: Clifton   State: Cumbria
Elevation: 159 m  Lat: N 54 37 51   Lon: W 002 43 06

                  Temperature (°C), Rain (mm), Wind Speed (mph)

                                      Heat  Cool        Avg
    Mean                              Deg   Deg         Wind                 Dom
Day Temp  High   Time   Low    Time   Days  Days  Rain  Speed High   Time    Dir
----------------------------------------------------------------------------------
01   7.8  12.4   14:04   0.9   00:25  10.5   0.0   8.7   6.6  33.6   23:41     S
02   9.8  12.4   12:07   3.2   23:59   8.5   0.0   1.5   7.0  39.6   05:24     S
03   6.1  11.4   19:20   3.2   00:00  12.2   0.0  27.0   2.3  32.7   19:14   SSW
04   9.0  11.5   17:56   4.8   00:00   9.3   0.0   9.0  11.0  44.1   20:20   SSW
05  11.1  11.8   23:32  10.5   00:06   7.2   0.0  36.3  18.8  52.6   20:34     S
06   7.7  12.2   05:32   3.1   20:04  10.6   0.0  10.8   6.7  38.7   02:58   SSW
07   9.2  12.6   13:00   3.8   00:00   9.1   0.0   7.2   2.8  31.1   12:51    SE
08   9.0  11.5   05:40   5.4   22:52   9.3   0.0   9.6   7.6  41.8   11:19     S
09   8.6  10.9   22:00   3.9   02:10   9.7   0.0  18.3  10.6  54.8   17:03     S
10   6.7   9.2   00:00   3.9   23:55  11.6   0.0  13.2   6.8  25.9   05:32   SSW
11   5.0   6.5   18:32   2.9   03:35  13.3   0.0   3.0   7.0  36.5   11:22    SW
12   2.8   5.4   02:05   1.2   11:52  15.5   0.0  13.8   1.4  14.5   01:00    SW
13   1.7   4.3   23:52  -1.8   08:40  16.6   0.0   2.4   0.2   5.4   21:19   ESE
14   4.1   6.0   23:50   2.5   08:30  12.8   0.0   2.7   0.3   7.6   00:58     S
15   7.7   9.6   21:44   6.0   00:02   7.8   0.0   1.5   1.1  13.6   19:29     E
16  11.4  12.8   12:27   9.4   00:00   6.9   0.0   1.2   2.7  20.6   15:07     S
17  12.2  13.3   02:45  10.9   20:57   6.1   0.0   1.2   5.9  23.5   11:49     S
18  11.6  12.7   16:02  10.8   03:45   6.7   0.0   2.4   8.1  37.4   16:23     S
19  12.8  15.0   13:17  10.9   19:07   5.5   0.0  13.5   8.0  45.6   11:23     S
20   9.5  11.3   00:36   7.0   22:58   8.8   0.0  17.4   9.8  41.2   10:58     S
21   7.7   9.4   23:48   6.1   07:00  10.5   0.0   7.5   7.2  35.8   13:56   SSW
22   9.6  12.8   06:54   7.5   02:36   8.7   0.0  19.2   8.3  34.2   05:54     S
23   7.4   9.0   23:52   6.1   08:31  10.9   0.0   4.8   7.2  33.6   05:27     S
24   6.8   9.3   07:52   4.2   23:03  11.5   0.0  18.0  10.0  38.7   02:06     S
25   4.6   5.6   11:34   2.6   06:18  13.7   0.0  18.6   1.9  20.6   01:14     S
26   9.1  12.2   17:41   5.4   00:00   9.2   0.0  24.0   4.4  42.5   16:51     S
27   5.5   9.2   23:31   1.6   09:02  12.8   0.0   1.2   1.8  18.3   00:03    SW
28   9.6  11.2   11:39   7.3   19:10   8.7   0.0   0.6   2.0  20.6   21:03    SE
29   8.9  11.5   01:44   7.8   17:45   9.4   0.0   6.9   6.2  25.9   02:27    SE
30   9.3  12.1   07:18   5.3   23:07   9.0   0.0  13.2   9.3  45.0   04:59    SE
31   5.2   7.2   12:31   3.5   23:45  13.1   0.0  10.8   5.2  25.1   16:00     S
----------------------------------------------------------------------------------
     8.0  15.0    19    -1.8    13   315.5   0.0 325.5   6.1  54.8     9       S

Max >=  27.0  0
Max <=   0.0  0
Min <=   0.0  1
Min <= -18.0  0
Max Rain: 36.3 on day 5
Days of Rain: 31 (>= 0.2 mm)  25 (>= 2.0 mm)  3 (>= 20.0 mm)
Heat Base: 18.3  Cool Base: 18.3  Method: Integration
Update : 09/01/2019 01:15:03
Powered by Cumulus :v3.0.0 (3043)