pic 9

Clifton PWS

sun

Now
Today
Yesterday
This Month
This Year
Monthly records
All Time Records

Archive Charts Gauges NOAA Style reports Shap Weather Station

NOAA Style reports
Select a Year or Month report

Report for 2015 Nov
                   Monthly Climatological Summary for Nov 2015

Name: Clifton Weather Station   City: Clifton   State: Cumbria
Elevation: 159 m  Lat: N 54 37 51   Lon: W 002 43 06

                  Temperature (°C), Rain (mm), Wind Speed (mph)

                                      Heat  Cool        Avg
    Mean                              Deg   Deg         Wind                 Dom
Day Temp  High   Time   Low    Time   Days  Days  Rain  Speed High   Time    Dir
----------------------------------------------------------------------------------
01  12.8  16.2   13:00  10.3   05:55   5.5   0.0   0.0   0.2   6.9   11:53   ESE
02   9.1  16.0   14:25   5.4   06:54   9.2   0.0   0.3   0.4   6.9   14:30   WSW
03   6.4   9.3   13:32   2.7   06:12  11.9   0.0   2.1   0.3   6.9   11:21     W
04  10.3  12.6   12:56   7.8   00:54   8.0   0.0   2.7   0.1   4.5   11:09     E
05  11.5  13.2   14:57   8.6   05:41   6.8   0.0   2.7   0.3   6.9   11:06   ESE
06  12.4  15.0   14:46  10.5   23:08   5.9   0.0   0.9   1.8  15.9   12:25   SSE
07  10.3  12.1   04:53   7.5   23:43   8.0   0.0  14.7   1.8  17.4   04:22   SSW
08   9.5  13.5   15:48   6.7   22:26   8.8   0.0  19.8   4.8  37.4   15:31     S
09  12.3  15.9   20:34   7.3   00:37   6.0   0.0   9.9   9.1  32.7   07:10     S
10  15.3  16.3   10:48  14.1   23:30   3.0   0.0   2.1   8.9  31.1   12:49   SSW
11  12.8  14.2   00:00  10.2   21:42   5.5   0.0  11.1   4.4  23.5   14:42   SSW
12  10.0  13.0   18:18   6.5   07:00   8.3   0.0   7.8   6.2  46.3   18:07     S
13   6.5   8.4   00:00   4.5   13:57  11.8   0.0   6.9   8.4  35.8   10:38   SSW
14   7.4  10.4   23:59   6.3   01:07  10.9   0.0  20.7   4.1  25.1   05:49    SW
15  13.8  15.1   11:49  10.4   00:00   4.5   0.0  22.8   8.2  41.2   21:03     S
16   8.8  13.7   00:14   7.1   07:19   9.5   0.0   2.1   8.3  44.1   00:10   SSW
17   7.8  11.2   16:44   5.8   03:25  10.5   0.0   7.2   3.9  25.9   18:05    SW
18   9.3  11.6   09:37   6.2   00:00   9.0   0.0  16.5   9.4  35.8   19:45   SSW
19   8.3  10.3   13:00   6.5   20:44  10.0   0.0   1.8   7.5  32.7   00:21    SW
20   5.3   7.1   00:59   1.7   23:31  13.0   0.0   0.6   5.9  25.9   03:03   WSW
21   0.7   2.2   00:57  -1.7   19:34  17.6   0.0   0.0   3.2  23.5   04:46   WNW
22   1.6   5.3   13:56  -1.1   23:53  16.7   0.0   3.9   0.8   8.3   10:04   WNW
23   3.5   8.9   21:36  -1.6   02:41  14.8   0.0   1.5   2.6  21.3   17:14     S
24   6.9   8.1   00:05   6.1   23:00  11.4   0.0   4.2   3.5  17.4   15:29   WSW
25   7.7   9.3   13:32   6.1   01:01  10.6   0.0   0.0   3.1  18.3   08:52     W
26   9.3  11.3   13:11   7.5   02:00   9.0   0.0   1.8   0.7  11.4   23:33   WSW
27   8.5  11.6   04:29   3.3   22:20   9.8   0.0   6.3   4.3  28.2   14:20   SSW
28   5.6   7.6   17:14   3.5   00:24  12.7   0.0  11.1   8.4  31.1   11:25   SSW
29   6.7  11.0   11:56   3.4   20:56  11.6   0.0   9.3  10.8  52.6   11:54    SW
30   3.7   6.1   04:09   0.8   21:56  14.6   0.0   7.5   2.6  25.1   00:57    SW
----------------------------------------------------------------------------------
     8.5  16.3    10    -1.7    21   294.9   0.0 198.3   4.5  52.6    29     SSW

Max >=  27.0  0
Max <=   0.0  0
Min <=   0.0  3
Min <= -18.0  0
Max Rain: 22.8 on day 15
Days of Rain: 27 (>= 0.2 mm)  21 (>= 2.0 mm)  2 (>= 20.0 mm)
Heat Base: 18.3  Cool Base: 18.3  Method: Integration
Update : 09/01/2019 01:15:03
Powered by Cumulus :v3.0.0 (3043)