pic 9

Clifton PWS

sun

Now
Today
Yesterday
This Month
This Year
Monthly records
All Time Records

Archive Charts Gauges NOAA Style reports Shap Weather Station

NOAA Style reports
Select a Year or Month report

Report for 2015 Oct
                   Monthly Climatological Summary for Oct 2015

Name: Clifton Weather Station   City: Clifton   State: Cumbria
Elevation: 159 m  Lat: N 54 37 51   Lon: W 002 43 06

                  Temperature (°C), Rain (mm), Wind Speed (mph)

                                      Heat  Cool        Avg
    Mean                              Deg   Deg         Wind                 Dom
Day Temp  High   Time   Low    Time   Days  Days  Rain  Speed High   Time    Dir
----------------------------------------------------------------------------------
01   9.3  17.8   17:05   2.7   07:27   9.0   0.0   0.0   0.4   5.4   21:00    SW
02   8.3  15.4   14:24   1.8   07:56  10.0   0.0   0.0   0.6   6.9   16:12   WNW
03   8.3  10.4   15:47   4.0   07:02  10.0   0.0   0.0   0.2   6.0   07:58   WSW
04   9.4  14.0   14:49   6.4   21:57   8.9   0.0   0.0   0.3   9.8   15:28   SSE
05  11.8  15.8   16:40   6.7   01:27   6.5   0.0  10.5   1.5  22.8   10:54     E
06  16.1  20.4   16:00  13.8   23:48   2.4   0.2   4.8   0.7  12.1   12:17    SE
07  12.3  14.5   04:55   8.3   23:37   6.0   0.0   1.5   1.7  13.0   16:12     W
08   9.0  15.6   15:59   4.2   06:58   9.3   0.0   0.0   0.5   9.8   13:46     S
09  10.0  15.1   14:05   5.2   07:40   8.3   0.0   0.0   0.2   4.5   10:59   ESE
10  12.3  17.2   15:06   9.2   23:55   6.0   0.0   0.0   0.1   8.3   16:18     E
11  10.0  15.0   14:31   5.6   07:26   8.3   0.0   0.0   0.3   9.2   11:31   ESE
12   8.4  12.8   14:40   5.8   01:11   9.9   0.0   1.5   1.3  15.9   15:59   WNW
13   9.2  13.7   15:01   6.0   08:03   9.1   0.0   0.0   0.5   6.9   12:47   WNW
14   6.2  12.2   15:03   1.2   07:37  12.1   0.0   0.3   0.2   5.4   13:06   SSW
15   6.4  13.2   15:15   2.0   07:47  11.9   0.0   0.0   0.6   4.5   01:34    SW
16   7.8  10.2   13:39   4.2   00:36  10.5   0.0   0.0   0.6   6.9   14:02     W
17   8.0  11.5   16:20   5.3   22:35  10.3   0.0   0.0   0.7   7.6   02:26   WNW
18   9.8  12.6   13:42   6.4   00:00   8.5   0.0   0.0   0.3   6.0   01:01   WSW
19   9.3  13.1   12:40   5.0   06:00   9.0   0.0   1.5   0.2   6.0   10:23   WSW
20   9.0  12.7   14:26   5.6   05:52   9.3   0.0   5.1   0.8  10.7   13:37    SW
21  13.8  16.6   14:16  10.1   00:00   4.5   0.0   1.5   3.1  19.7   23:47   SSW
22  11.4  13.5   02:27   6.5   23:59   6.9   0.0   0.3   4.6  28.9   12:22   WSW
23   9.4  12.3   16:15   5.5   03:06   8.9   0.0   0.0   1.7  16.8   13:31   SSE
24   9.2  11.3   09:30   6.0   22:51   9.1   0.0   5.4   3.4  21.3   05:03     S
25   8.1  11.6   13:22   4.6   05:35  10.7   0.0   0.3   1.3  13.6   14:04   SSE
26   9.1  13.1   13:53   6.1   05:03   9.2   0.0   0.3   1.4  15.2   09:51   ESE
27  11.6  15.3   13:14   9.0   00:27   6.7   0.0   0.0   1.5  15.9   07:35     E
28  11.4  13.0   13:28   7.6   23:14   6.9   0.0  17.1   0.2   6.0   01:16   ESE
29   9.9  12.6   11:11   5.6   22:24   8.4   0.0   7.5   2.0  23.5   11:15   SSE
30  10.8  15.1   23:50   6.6   00:00   7.5   0.0   7.2   1.1  15.9   13:26    SE
31  13.8  15.5   14:15  11.5   22:23   4.5   0.0   3.3   1.9  15.2   04:21   SSE
----------------------------------------------------------------------------------
    10.0  20.4     6     1.2    14   258.6   0.2  68.1   1.1  28.9    22       S

Max >=  27.0  0
Max <=   0.0  0
Min <=   0.0  0
Min <= -18.0  0
Max Rain: 17.1 on day 28
Days of Rain: 16 (>= 0.2 mm)  8 (>= 2.0 mm)  0 (>= 20.0 mm)
Heat Base: 18.3  Cool Base: 18.3  Method: Integration
Update : 09/01/2019 01:15:03
Powered by Cumulus :v3.0.0 (3043)