pic 9

Clifton PWS

sun

Now
Today
Yesterday
This Month
This Year
Monthly records
All Time Records

Archive Charts Gauges NOAA Style reports Shap Weather Station

NOAA Style reports
Select a Year or Month report

Report for 2015 Sep
                   Monthly Climatological Summary for Sep 2015

Name: Clifton Weather Station   City: Clifton   State: Cumbria
Elevation: 159 m  Lat: N 54 37 51   Lon: W 002 43 06

                  Temperature (°C), Rain (mm), Wind Speed (mph)

                                      Heat  Cool        Avg
    Mean                              Deg   Deg         Wind                 Dom
Day Temp  High   Time   Low    Time   Days  Days  Rain  Speed High   Time    Dir
----------------------------------------------------------------------------------
01  13.6  18.5   14:47  10.2   00:00   4.7   0.0   0.0   1.7  14.5   15:15     W
02  12.7  17.0   14:32  10.1   06:01   5.6   0.0   0.0   1.1  13.6   13:53   WNW
03  11.6  14.5   16:55   9.0   07:09   6.7   0.0   0.0   1.4  13.0   12:23   WNW
04  12.9  16.5   16:57   9.5   04:51   5.4   0.0   0.0   2.4  13.6   15:26   WNW
05  11.8  15.2   18:26   8.8   06:11   6.5   0.0   0.3   1.6  14.5   09:39    NW
06  11.3  17.7   16:58   5.1   06:23   7.0   0.0   0.0   1.3  11.4   12:32     W
07  11.8  19.4   16:10   5.2   06:18   6.6   0.1   0.0   0.8   7.6   17:10   WNW
08  13.4  20.4   16:00   8.7   01:33   5.1   0.3   0.0   0.7  12.1   18:51   ESE
09  12.4  16.6   15:11   8.5   02:53   5.9   0.0   0.0   0.8  11.4   13:18   ESE
10  14.4  20.8   15:41   9.9   06:08   4.2   0.3   0.0   1.2  13.6   12:08     E
11  14.3  20.8   15:06   8.9   05:35   4.2   0.2   0.0   1.7  15.9   13:44     E
12  13.0  15.3   16:47  10.6   23:56   5.3   0.0  16.2   2.7  17.4   10:15   SSE
13  13.4  18.8   16:22   9.5   01:26   4.9   0.0   0.3   1.1  13.6   11:45    SE
14  10.9  15.6   14:45   5.5   06:24   7.4   0.0   0.9   0.4   7.6   10:54     W
15  12.6  16.3   14:30   9.1   23:29   5.7   0.0   0.3   1.7  19.7   15:53     W
16  10.2  15.7   16:32   4.5   07:12   8.1   0.0   0.0   0.7   8.3   13:31   WNW
17  10.7  16.4   15:43   5.3   04:36   7.6   0.0   2.1   0.7  13.6   15:31   SSW
18  12.4  17.6   13:46   9.2   23:32   5.9   0.0   7.2   0.4   7.6   11:29   WNW
19  12.1  17.8   14:53   7.4   06:28   6.2   0.0   0.0   0.9  13.0   15:42   WSW
20  13.0  16.2   14:34   9.5   04:21   5.3   0.0   0.0   1.3  13.6   21:53     S
21  12.7  15.4   16:21   8.5   23:48   5.6   0.0   4.2   1.8  15.9   12:57   SSW
22  10.8  15.5   15:10   6.4   06:21   7.5   0.0   0.0   1.3  13.0   16:52   WNW
23  12.2  16.2   16:45   8.0   06:42   6.1   0.0   0.0   1.5  15.2   14:10     S
24  11.5  14.0   14:02   9.0   07:30   6.8   0.0   2.4   3.1  18.3   15:47   SSW
25  11.6  15.0   13:33   9.2   05:30   6.7   0.0   1.5   2.2  15.9   13:00    SW
26  13.1  18.6   13:53   8.9   23:56   5.2   0.0   0.0   0.2   6.9   13:48    SE
27  10.7  17.6   16:05   5.4   07:08   7.6   0.0   0.0   0.4   9.8   11:58   SSE
28  11.2  18.3   15:37   5.2   06:37   7.0   0.0   0.0   0.9  11.4   12:49    SE
29  12.8  18.7   16:06   8.8   07:47   5.5   0.0   0.0   0.5   8.3   23:17   ESE
30  11.3  17.6   16:37   6.0   07:07   7.0   0.0   0.0   0.5   7.6   13:10    SE
----------------------------------------------------------------------------------
    12.2  20.8    10     4.5    16   183.3   0.9  35.4   1.2  19.7    15      SW

Max >=  27.0  0
Max <=   0.0  0
Min <=   0.0  0
Min <= -18.0  0
Max Rain: 16.2 on day 12
Days of Rain: 10 (>= 0.2 mm)  5 (>= 2.0 mm)  0 (>= 20.0 mm)
Heat Base: 18.3  Cool Base: 18.3  Method: Integration
Update : 09/01/2019 01:15:03
Powered by Cumulus :v3.0.0 (3043)