pic 9

Clifton PWS

sun

Now
Today
Yesterday
This Month
This Year
Monthly records
All Time Records

Archive Charts Gauges NOAA Style reports Shap Weather Station

NOAA Style reports
Select a Year or Month report

Report for 2015 Aug
                   Monthly Climatological Summary for Aug 2015

Name: Clifton Weather Station   City: Clifton   State: Cumbria
Elevation: 159 m  Lat: N 54 37 51   Lon: W 002 43 06

                  Temperature (°C), Rain (mm), Wind Speed (mph)

                                      Heat  Cool        Avg
    Mean                              Deg   Deg         Wind                 Dom
Day Temp  High   Time   Low    Time   Days  Days  Rain  Speed High   Time    Dir
----------------------------------------------------------------------------------
01  14.3  19.3   17:59  10.1   05:43   4.0   0.0   3.3   2.9  18.3   14:52     S
02  14.9  18.5   14:03  11.9   02:24   3.4   0.0   3.9   1.0  11.4   11:55   ESE
03  16.6  20.8   17:16  12.8   05:23   2.0   0.4   0.6   3.8  27.3   12:19   SSE
04  14.7  18.7   15:32  11.9   06:03   3.6   0.0   3.9   5.6  22.1   08:15   SSE
05  15.9  21.0   16:14  12.8   06:20   2.6   0.2   0.6   2.8  20.6   14:51   SSE
06  16.5  20.0   14:42  11.4   23:54   2.0   0.2   0.0   2.7  15.9   13:39   SSW
07  14.2  19.1   14:57   9.5   02:49   4.1   0.0   0.0   0.7   9.2   14:37    NW
08  15.1  21.2   16:30   8.4   06:08   3.7   0.5   0.3   2.4  19.7   21:42   SSE
09  16.1  19.7   15:16  13.7   01:05   2.3   0.1   0.0   2.7  25.1   14:19   SSE
10  16.7  19.7   15:06  13.8   23:42   1.7   0.1   0.6   3.4  20.6   13:50     S
11  15.4  19.5   15:17  11.7   04:57   3.0   0.1   0.0   1.0  10.7   14:13   WSW
12  14.7  22.5   17:17   7.8   06:06   4.2   0.7   0.0   0.7   8.3   17:27   SSW
13  16.1  23.4   16:53   9.1   05:37   3.3   1.1   6.6   0.9  13.6   13:29     E
14  14.3  15.3   18:11  13.0   23:58   4.0   0.0  28.8   1.1   9.8   12:49   WNW
15  12.9  16.7   17:21   8.4   06:41   5.4   0.0   1.5   2.0  15.9   16:12    SW
16  13.1  17.8   16:09   7.0   05:59   5.2   0.0   0.0   0.7  10.7   13:35   SSW
17  13.7  20.4   15:04   6.6   05:35   4.9   0.3   0.0   1.0   9.8   14:09   WNW
18  13.9  18.9   13:06  10.0   05:50   4.4   0.0   1.8   0.8  10.7   11:53    NW
19  15.8  20.8   13:56  12.7   05:08   2.8   0.3   1.2   1.8  18.3   15:16    SE
20  17.9  21.3   17:54  14.8   02:40   1.2   0.8   0.9   2.1  15.2   13:01    SE
21  18.6  21.6   12:39  16.2   04:09   0.6   0.9   1.5   4.7  24.4   13:52   SSE
22  17.0  21.2   16:10  14.0   05:49   1.6   0.3  18.9   0.7  13.0   01:32     S
23  18.8  24.6   14:53  14.2   23:52   1.1   1.6  15.3   2.2  21.3   14:00   ESE
24  15.9  20.8   14:08  12.4   04:36   2.7   0.3   0.0   1.3  11.4   23:06     W
25  15.0  19.0   15:20  11.1   06:48   3.3   0.0   2.4   2.6  19.0   23:44   SSW
26  15.3  18.3   13:46  13.1   06:46   3.0   0.0   3.0   5.0  27.3   12:35   SSE
27  13.9  17.0   15:32  11.7   07:30   4.4   0.0   7.2   3.9  18.3   09:08     S
28  14.8  18.4   16:38  12.3   03:53   3.5   0.0   1.5   4.4  25.1   20:34     S
29  15.3  18.7   15:04  11.9   23:34   3.0   0.0   1.2   3.6  15.9   04:59     S
30  14.7  19.0   13:27  10.2   05:49   3.7   0.0   0.0   0.7   8.3   00:52    SW
31  13.5  18.7   14:42  10.2   23:55   4.8   0.0   0.0   0.6   6.9   09:27     W
----------------------------------------------------------------------------------
    15.3  24.6    23     6.6    17    99.5   7.9 105.0   2.2  27.3     3       S

Max >=  27.0  0
Max <=   0.0  0
Min <=   0.0  0
Min <= -18.0  0
Max Rain: 28.8 on day 14
Days of Rain: 21 (>= 0.2 mm)  10 (>= 2.0 mm)  1 (>= 20.0 mm)
Heat Base: 18.3  Cool Base: 18.3  Method: Integration
Update : 09/01/2019 01:15:03
Powered by Cumulus :v3.0.0 (3043)