pic 9

Clifton PWS

sun

Now
Today
Yesterday
This Month
This Year
Monthly records
All Time Records

Archive Charts Gauges NOAA Style reports Shap Weather Station

NOAA Style reports
Select a Year or Month report

Report for 2015 Jul
                   Monthly Climatological Summary for Jul 2015

Name: Clifton Weather Station   City: Clifton   State: Cumbria
Elevation: 159 m  Lat: N 54 37 51   Lon: W 002 43 06

                  Temperature (°C), Rain (mm), Wind Speed (mph)

                                      Heat  Cool        Avg
    Mean                              Deg   Deg         Wind                 Dom
Day Temp  High   Time   Low    Time   Days  Days  Rain  Speed High   Time    Dir
----------------------------------------------------------------------------------
01  24.1  31.1   13:53  17.8   04:33   0.0   5.8   0.0   1.6  15.2   14:14    SE
02  18.6  23.6   13:38  12.2   23:45   0.9   1.3   1.8   1.5  15.2   11:06     S
03  17.9  27.0   16:41   9.7   04:31   2.6   2.2   0.0   1.1  15.9   22:58     E
04  17.1  22.4   14:00  13.7   04:18   2.1   0.9  25.2   3.4  26.6   15:16   SSE
05  15.8  22.1   16:18   9.9   04:37   3.2   0.7   0.3   1.8  22.1   17:28   SSE
06  14.6  17.5   12:46   9.7   04:12   3.7   0.0   1.2   2.4  18.3   21:39   SSE
07  16.1  20.6   14:12  13.3   21:34   2.4   0.2   1.8   4.5  23.5   02:33     S
08  14.7  19.1   16:34  11.9   23:58   3.6   0.0   2.1   2.6  14.5   18:12   WSW
09  13.6  17.5   18:25   7.9   05:25   4.7   0.0   0.0   1.6  13.6   13:53   WSW
10  17.7  24.8   17:21  11.5   03:42   2.2   1.6   0.9   1.5  13.6   10:46   SSE
11  16.5  19.8   13:42  14.5   23:41   1.9   0.1   3.3   3.9  25.1   18:13     S
12  16.2  19.9   16:27  13.0   23:55   2.2   0.1   1.5   2.9  16.8   00:09    SW
13  15.9  20.4   15:10  12.8   00:11   2.5   0.1   4.2   1.1  13.0   11:17     S
14  15.9  21.4   17:53  12.6   05:26   2.6   0.2   0.0   1.2   9.8   19:16   WNW
15  14.8  20.0   17:58  10.1   05:41   3.7   0.2   0.0   2.3  13.6   12:39   WNW
16  15.8  22.6   16:09   8.8   04:08   3.4   0.9   0.0   1.5  17.4   21:57     E
17  15.7  18.5   13:37  13.2   21:55   2.7   0.0   5.1   5.9  27.3   11:03     S
18  14.8  18.8   16:43  11.9   02:03   3.5   0.0   0.3   6.6  25.1   07:08     S
19  13.8  16.5   15:28  11.3   23:16   4.5   0.0  11.4   3.9  21.3   00:00   SSW
20  15.3  20.6   14:47   9.6   02:17   3.2   0.2   3.9   2.4  26.6   17:22   SSE
21  15.6  19.3   13:38  12.0   23:07   2.7   0.0   2.7   2.9  15.9   13:28   SSW
22  14.2  17.8   17:02  11.2   05:31   4.1   0.0   0.0   1.8  15.9   18:26   SSW
23  14.4  17.6   16:33  12.0   04:36   3.9   0.0   0.6   3.2  17.4   14:04     S
24  13.7  18.1   12:38   7.8   06:04   4.5   0.0   0.0   0.5   6.9   13:09   WSW
25  13.7  18.4   16:02   9.1   05:38   4.6   0.0   0.0   2.2  15.9   16:00   WSW
26  12.5  18.2   11:53   7.1   05:15   5.8   0.0   5.1   1.0  14.5   18:23     E
27  13.1  16.1   15:33  11.4   22:48   5.2   0.0  10.5   0.4   6.0   17:53     W
28  11.7  14.2   11:03   9.7   05:40   6.6   0.0  16.5   0.8   6.0   17:07     W
29  12.8  16.3   15:11   9.5   05:23   5.5   0.0   2.1   1.3  15.2   15:20   WNW
30  13.0  17.0   17:12   9.6   23:34   5.3   0.0   1.2   2.0  13.6   17:15     W
31  12.7  17.5   16:59   8.4   02:20   5.6   0.0   3.0   2.7  22.1   16:39   SSE
----------------------------------------------------------------------------------
    15.2  31.1     1     7.1    26   109.4  14.5 104.7   2.3  27.3    17       S

Max >=  27.0  2
Max <=   0.0  0
Min <=   0.0  0
Min <= -18.0  0
Max Rain: 25.2 on day 4
Days of Rain: 22 (>= 0.2 mm)  13 (>= 2.0 mm)  1 (>= 20.0 mm)
Heat Base: 18.3  Cool Base: 18.3  Method: Integration
Update : 09/01/2019 01:15:03
Powered by Cumulus :v3.0.0 (3043)