pic 9

Clifton PWS

sun

Now
Today
Yesterday
This Month
This Year
Monthly records
All Time Records

Archive Charts Gauges NOAA Style reports Shap Weather Station

NOAA Style reports
Select a Year or Month report

Report for 2015 Jun
                   Monthly Climatological Summary for Jun 2015

Name: Clifton Weather Station   City: Clifton   State: Cumbria
Elevation: 159 m  Lat: N 54 37 51   Lon: W 002 43 06

                  Temperature (°C), Rain (mm), Wind Speed (mph)

                                      Heat  Cool        Avg
    Mean                              Deg   Deg         Wind                 Dom
Day Temp  High   Time   Low    Time   Days  Days  Rain  Speed High   Time    Dir
----------------------------------------------------------------------------------
01   8.4  13.1   12:54   5.0   04:16   9.9   0.0  14.1   6.2  35.8   20:24   SSE
02  10.2  14.4   13:52   6.9   00:49   8.1   0.0   2.7   6.6  30.4   18:24   SSW
03  11.8  16.0   16:59   7.6   23:50   6.5   0.0   0.0   3.6  15.9   13:21   SSW
04  13.5  21.1   17:04   5.6   02:58   5.3   0.5   0.0   1.5  14.5   15:54   SSE
05  13.6  17.7   11:38  10.1   03:26   4.7   0.0   0.0   3.8  20.6   13:50     S
06  11.3  13.9   14:00   9.4   04:22   7.0   0.0   0.3   8.0  33.6   12:30   SSW
07  11.9  15.8   16:41   8.3   05:04   6.4   0.0   0.0   4.2  20.6   10:55   WSW
08  10.8  16.8   16:21   4.8   04:32   7.5   0.0   0.6   1.0   9.2   13:12   NNW
09  12.5  18.4   16:01   5.7   02:32   5.8   0.0   1.2   0.8   9.8   17:33    NW
10  14.5  22.2   16:51   5.9   05:21   4.7   0.9   0.0   0.9  13.6   16:17   ESE
11  15.6  23.2   17:29   6.4   05:17   4.0   1.3   0.0   0.8   9.2   12:46   ESE
12  17.2  25.3   16:57   8.1   04:46   3.0   1.9   0.3   0.6   7.6   14:53   ESE
13  16.1  22.9   13:12  12.2   23:50   2.6   0.3   0.6   1.1  13.0   14:08    SE
14  11.8  15.0   13:01   7.4   23:54   6.5   0.0   3.3   0.3   6.0   20:50     E
15  12.3  18.1   11:36   4.1   05:03   6.0   0.0   2.7   0.7  12.1   12:30     S
16  16.2  20.9   13:56  11.4   05:07   2.7   0.6   0.6   1.9  15.9   19:04     S
17  15.2  18.1   13:22  10.3   23:57   3.1   0.0   3.9   3.8  19.7   13:02   WSW
18  11.8  15.2   13:46   9.4   01:52   6.5   0.0   0.0   4.3  22.1   10:53     W
19  12.6  16.0   15:27  10.7   03:46   5.7   0.0   0.3   3.3  19.7   17:21   WSW
20  15.6  20.2   17:06  11.7   04:51   2.9   0.2   2.4   1.6  15.9   16:15    SW
21  13.1  16.6   14:57   9.9   23:44   5.2   0.0   1.2   4.0  22.8   11:32    SW
22  11.9  15.0   16:56   9.1   04:26   6.4   0.0   1.8   2.2  14.5   13:03   WNW
23  14.2  19.3   15:12   7.8   04:40   4.2   0.1   0.0   1.0   9.2   14:29   WNW
24  14.8  19.6   11:52   8.6   03:12   3.6   0.1   0.0   2.2  19.0   12:30     S
25  15.9  19.5   12:33  11.7   02:23   2.5   0.1   0.3   1.4  15.2   15:29   SSE
26  17.2  21.5   17:59  14.0   03:16   1.8   0.7   1.5   2.6  22.8   14:19     S
27  16.4  21.3   16:06  10.7   06:11   2.5   0.6   0.0   2.9  18.3   14:23     S
28  16.4  20.3   16:17  13.8   06:00   2.1   0.2   0.6   4.0  20.6   15:43     S
29  16.4  21.6   14:35  10.5   04:49   2.5   0.6   0.0   2.3  16.8   13:14     S
30  22.4  29.8   15:59  15.4   00:00   0.7   4.8   0.0   1.9  13.0   09:06    SE
----------------------------------------------------------------------------------
    14.1  29.8    30     4.1    15   140.4  12.9  38.4   2.6  35.8     1     SSW

Max >=  27.0  1
Max <=   0.0  0
Min <=   0.0  0
Min <= -18.0  0
Max Rain: 14.1 on day 1
Days of Rain: 18 (>= 0.2 mm)  6 (>= 2.0 mm)  0 (>= 20.0 mm)
Heat Base: 18.3  Cool Base: 18.3  Method: Integration
Update : 09/01/2019 01:15:03
Powered by Cumulus :v3.0.0 (3043)