pic 9

Clifton PWS

sun

Now
Today
Yesterday
This Month
This Year
Monthly records
All Time Records

Archive Charts Gauges NOAA Style reports Shap Weather Station

NOAA Style reports
Select a Year or Month report

Report for 2015 May
                   Monthly Climatological Summary for May 2015

Name: Clifton Weather Station   City: Clifton   State: Cumbria
Elevation: 159 m  Lat: N 54 37 51   Lon: W 002 43 06

                  Temperature (°C), Rain (mm), Wind Speed (mph)

                                      Heat  Cool        Avg
    Mean                              Deg   Deg         Wind                 Dom
Day Temp  High   Time   Low    Time   Days  Days  Rain  Speed High   Time    Dir
----------------------------------------------------------------------------------
01   6.0  11.3   15:19   0.8   05:44  12.3   0.0   0.0   0.9   9.2   19:38   NNE
02   6.5  12.1   11:43   2.3   05:26  11.8   0.0   2.1   2.4  19.7   22:29     E
03   9.5  15.7   15:45   5.2   00:33   8.8   0.0  18.0   4.2  20.6   05:37   SSE
04  11.8  15.3   14:42   9.2   05:20   6.5   0.0   1.2   3.4  20.6   14:23     S
05   9.8  12.6   17:45   7.3   21:33   8.5   0.0  17.1   5.1  31.1   16:25     S
06   9.0  11.8   15:45   6.9   06:01   9.3   0.0   4.5   6.3  32.0   04:20   SSW
07   8.1  11.8   18:07   3.3   23:56  10.2   0.0   1.2   3.7  16.8   11:43    SW
08   8.1  15.6   13:05   2.6   05:28  10.2   0.0  14.4   0.8  14.5   16:16     E
09   9.4  15.1   18:26   7.1   07:47   8.9   0.0   4.5   2.2  13.6   11:17     W
10  11.2  14.4   17:56   7.5   03:08   7.1   0.0   2.7   3.4  23.5   17:50   SSE
11  12.4  15.1   14:00  10.0   23:56   5.9   0.0   9.0   7.9  29.8   14:26     S
12  10.0  12.7   17:49   7.8   05:40   8.3   0.0   9.6   6.3  26.6   14:46   SSW
13  10.5  16.6   16:40   6.0   03:22   7.8   0.0   0.0   1.8  16.8   00:05     W
14   9.4  13.8   14:00   5.3   04:32   8.9   0.0   0.0   1.5  16.8   11:20     E
15   9.8  15.0   14:08   2.9   04:59   8.4   0.0   0.0   3.1  23.5   17:40     S
16  10.5  13.0   13:39   8.3   23:59   7.8   0.0   0.6   5.5  25.9   15:12   WSW
17  10.3  13.3   12:19   7.8   02:07   8.0   0.0   0.9   5.7  22.1   14:44   SSW
18   9.1  12.7   16:28   6.8   22:56   9.2   0.0   5.7   3.4  20.6   14:37   SSW
19   8.6  13.2   17:14   5.7   05:35   9.7   0.0   6.0   3.6  23.5   12:15   WSW
20  10.7  15.3   15:27   6.7   00:00   7.6   0.0   0.6   4.1  20.6   16:24   WSW
21  12.1  16.7   16:23   7.6   04:40   6.2   0.0   0.6   2.9  16.8   15:37   SSW
22  13.9  17.6   14:03  10.6   23:58   4.4   0.0   0.0   3.0  19.7   15:11    SW
23  12.9  19.9   18:01   6.2   04:58   5.5   0.1   0.0   1.0   9.2   12:41   WNW
24  11.7  14.4   11:59   9.4   23:48   6.6   0.0   0.9   3.3  20.6   17:52     W
25  11.6  16.4   17:23   8.5   05:27   6.7   0.0   0.0   3.8  18.3   17:32   WSW
26  12.0  16.5   15:34   7.6   04:49   6.3   0.0   0.0   3.1  18.3   15:52     W
27  10.4  14.4   11:18   8.4   23:53   7.9   0.0   4.8   3.7  23.5   16:53   SSW
28   9.8  13.7   15:59   6.5   06:32   8.5   0.0   1.8   5.5  25.1   16:19    SW
29   9.0  12.5   14:06   6.3   04:32   9.3   0.0   3.6   3.0  21.3   17:45    SW
30  10.0  14.9   15:43   5.0   04:23   8.3   0.0   0.3   3.2  19.0   11:26    SW
31   9.8  12.8   15:55   6.6   22:15   8.5   0.0   3.3   4.2  25.1   13:14    SW
----------------------------------------------------------------------------------
    10.1  19.9    23     0.8     1   253.4   0.1 113.4   3.6  32.0     6     SSW

Max >=  27.0  0
Max <=   0.0  0
Min <=   0.0  0
Min <= -18.0  0
Max Rain: 18.0 on day 3
Days of Rain: 23 (>= 0.2 mm)  14 (>= 2.0 mm)  0 (>= 20.0 mm)
Heat Base: 18.3  Cool Base: 18.3  Method: Integration
Update : 09/01/2019 01:15:03
Powered by Cumulus :v3.0.0 (3043)