pic 9

Clifton PWS

sun

Now
Today
Yesterday
This Month
This Year
Monthly records
All Time Records

Archive Charts Gauges NOAA Style reports Shap Weather Station

NOAA Style reports
Select a Year or Month report

Report for 2015 Apr
                   Monthly Climatological Summary for Apr 2015

Name: Clifton Weather Station   City: Clifton   State: Cumbria
Elevation: 159 m  Lat: N 54 37 51   Lon: W 002 43 06

                  Temperature (°C), Rain (mm), Wind Speed (mph)

                                      Heat  Cool        Avg
    Mean                              Deg   Deg         Wind                 Dom
Day Temp  High   Time   Low    Time   Days  Days  Rain  Speed High   Time    Dir
----------------------------------------------------------------------------------
01   4.9   7.5   12:20   2.0   00:37  13.4   0.0   2.7   7.7  27.3   13:19   WSW
02   5.8  11.0   16:32   0.9   07:12  12.5   0.0   0.0   1.3  12.1   00:12   WSW
03   7.1  10.0   12:32   5.0   03:07  11.2   0.0   6.9   1.4  14.5   17:40   WNW
04   9.5  13.3   16:41   6.5   05:57   8.8   0.0   0.3   1.7   9.8   15:28   WNW
05  10.3  15.5   16:25   6.0   04:33   8.0   0.0   0.0   1.2   9.2   14:40   WNW
06  10.2  16.8   17:31   5.4   07:49   8.1   0.0   0.0   1.1   9.2   13:55    NW
07   9.1  14.7   16:02   3.3   06:31   9.2   0.0   0.0   1.7  15.2   12:20   WNW
08   8.6  16.4   17:03   1.3   06:23   9.7   0.0   0.0   0.6   7.6   18:20    NE
09  10.0  17.6   15:36   3.0   06:10   8.3   0.0   0.0   1.1  10.7   15:35   SSW
10  11.2  19.2   16:37   4.5   06:38   7.1   0.0   0.0   3.9  25.9   22:56   SSE
11   7.8  10.3   16:57   3.5   07:11  10.5   0.0   3.9   8.8  32.0   02:26   SSW
12   5.8   9.9   18:15   2.4   11:07  12.5   0.0  17.4   4.2  18.3   07:50   SSW
13   7.2  11.5   14:20   0.9   05:29  11.1   0.0   0.0   3.7  21.3   23:07     S
14  11.0  14.1   13:18   7.7   23:27   7.3   0.0   0.0   6.6  22.8   01:07     S
15   9.4  13.1   16:47   4.5   23:58   8.9   0.0   0.3   3.5  21.3   06:40   WSW
16   7.5  15.2   17:04   0.8   06:54  10.8   0.0   0.0   0.8  11.4   20:02   ESE
17   9.6  16.3   13:34   5.1   04:54   8.7   0.0   0.0   1.0  11.4   11:35     E
18   8.1  15.1   17:06   1.5   05:58  10.2   0.0   0.0   1.0  10.7   11:28   ESE
19   6.8  13.2   16:48   0.9   05:31  11.5   0.0   0.3   1.7  12.1   20:08     N
20   9.3  15.6   17:43   4.2   06:35   9.0   0.0   0.6   0.9   9.8   18:57     N
21   9.8  17.5   16:57   1.6   05:54   8.5   0.0   0.0   1.3  10.7   17:06   WNW
22  11.6  19.8   16:47   4.1   06:04   6.8   0.1   0.0   0.9  10.7   12:13    NW
23  12.1  18.7   15:29   5.3   06:02   6.2   0.0   0.0   1.3  10.7   13:04   WNW
24  10.0  14.2   11:50   4.9   06:02   8.3   0.0   0.0   2.4  19.7   17:45     S
25   8.5  10.9   18:40   3.7   23:54   9.8   0.0   3.9   3.3  16.8   02:37    SW
26   5.7  10.3   14:42   0.8   06:03  12.6   0.0   0.0   3.2  21.3   14:02     W
27   4.7  10.8   14:49  -1.5   06:05  13.6   0.0   0.6   3.3  23.5   16:20     S
28   5.9  10.0   14:45   2.7   04:58  12.4   0.0   5.1   7.0  30.4   13:32   SSW
29   6.8  10.3   14:41   3.5   03:54  11.5   0.0   8.7   5.1  23.5   12:54     S
30   7.0  16.0   16:14   3.2   23:46  11.3   0.0   6.0   1.9  15.9   12:42    NW
----------------------------------------------------------------------------------
     8.4  19.8    22    -1.5    27   297.8   0.1  56.7   2.8  32.0    11      SW

Max >=  27.0  0
Max <=   0.0  0
Min <=   0.0  1
Min <= -18.0  0
Max Rain: 17.4 on day 12
Days of Rain: 13 (>= 0.2 mm)  8 (>= 2.0 mm)  0 (>= 20.0 mm)
Heat Base: 18.3  Cool Base: 18.3  Method: Integration
Update : 09/01/2019 01:15:03
Powered by Cumulus :v3.0.0 (3043)