pic 9

Clifton PWS

sun

Now
Today
Yesterday
This Month
This Year
Monthly records
All Time Records

Archive Charts Gauges NOAA Style reports Shap Weather Station

NOAA Style reports
Select a Year or Month report

Report for 2015 Mar
                   Monthly Climatological Summary for Mar 2015

Name: Clifton Weather Station   City: Clifton   State: Cumbria
Elevation: 159 m  Lat: N 54 37 51   Lon: W 002 43 06

                  Temperature (°C), Rain (mm), Wind Speed (mph)

                                      Heat  Cool        Avg
    Mean                              Deg   Deg         Wind                 Dom
Day Temp  High   Time   Low    Time   Days  Days  Rain  Speed High   Time    Dir
----------------------------------------------------------------------------------
01   4.8   7.5   00:00   2.5   20:08  13.5   0.0   5.4   9.7  38.0   01:58    SW
02   2.7   5.5   14:34   0.9   12:04  15.6   0.0   3.0   6.5  41.2   11:55    SW
03   3.4   5.6   13:22   1.2   06:33  14.9   0.0   1.8   7.3  28.2   20:06   SSW
04   5.1   8.4   13:37   2.7   23:23  13.2   0.0   0.6   5.1  25.1   01:34   WSW
05   7.5   9.5   16:34   2.9   00:00  10.8   0.0   0.0   4.6  22.8   14:02     S
06   8.1   9.6   14:02   7.4   03:14  10.2   0.0   0.0   8.8  39.6   14:10     S
07   9.0  10.3   11:06   8.3   21:54   9.3   0.0   0.6   7.4  36.5   22:01     S
08   7.3   9.7   05:33   0.6   23:50  11.0   0.0   0.6   6.7  35.8   01:30   SSW
09   5.1   9.6   16:16  -0.5   02:33  13.2   0.0   3.3   6.4  36.5   17:29     S
10   5.9   9.8   14:32   1.2   23:51  12.4   0.0   0.0   4.7  25.1   04:46    SW
11   4.6   8.9   16:01   0.7   01:22  13.7   0.0   4.5   2.9  26.6   11:37   SSE
12   7.0  12.2   13:51   0.5   01:25  11.3   0.0  17.4   4.3  25.1   12:20    SE
13   4.3   6.9   16:24   1.7   03:19  14.1   0.0  12.6   1.3   9.2   12:07   WNW
14   3.7   7.7   13:46   0.0   23:42  14.6   0.0   0.0   0.5   9.2   14:01   ENE
15   4.8   9.8   15:15  -0.3   00:20  13.5   0.0   0.0   0.9   8.3   15:17    NE
16   5.4   7.5   15:50   3.3   23:33  12.9   0.0   0.6   0.3   8.3   00:24    NE
17   5.1   8.7   13:07   2.0   23:49  13.2   0.0   0.0   0.3   4.5   13:52    NW
18   5.3   9.8   16:29   0.2   03:16  13.0   0.0   0.0   0.6   6.0   11:17     W
19   6.0  11.3   14:53   0.3   06:02  12.3   0.0   0.0   0.8   7.6   13:41   WNW
20   7.8  11.2   11:54   4.6   23:57  10.5   0.0   0.0   2.8  16.8   12:01   WSW
21   5.4   9.3   14:23   1.0   23:58  12.9   0.0   0.0   1.7  13.6   08:34     N
22   4.3  11.2   15:20  -1.5   05:29  14.0   0.0   0.0   1.0  13.0   23:58     S
23   7.2  10.3   15:52   3.1   23:04  11.1   0.0   0.3   4.8  25.1   03:35    SW
24   4.7   9.1   16:51   1.1   23:53  13.6   0.0   3.6   1.5  14.5   13:31   WSW
25   3.9  10.0   15:54  -0.8   06:32  14.4   0.0   0.0   1.1  15.2   23:29   SSE
26   5.3   9.0   13:31   1.4   06:40  13.0   0.0   7.2   5.1  31.1   11:34     W
27   5.4   9.9   16:12   1.2   06:15  12.9   0.0   0.0   2.6  17.4   13:05    SW
28   8.5  12.8   12:40   4.1   00:00   9.8   0.0  11.4   6.3  34.2   22:43   SSW
29   6.5   8.0   16:35   4.2   23:36  11.3   0.0   5.4   8.0  31.1   02:53    SW
30   5.7  10.0   22:14   2.7   05:36  12.6   0.0  17.7   8.0  40.3   23:34    SW
31   4.9   8.1   00:05   2.1   20:01  13.4   0.0  12.3  11.7  45.0   02:55     W
----------------------------------------------------------------------------------
     5.6  12.8    28    -1.5    22   392.2   0.0 108.3   4.3  45.0    31      SW

Max >=  27.0  0
Max <=   0.0  0
Min <=   0.0  5
Min <= -18.0  0
Max Rain: 17.7 on day 30
Days of Rain: 18 (>= 0.2 mm)  12 (>= 2.0 mm)  0 (>= 20.0 mm)
Heat Base: 18.3  Cool Base: 18.3  Method: Integration
Update : 09/01/2019 01:15:03
Powered by Cumulus :v3.0.0 (3043)