pic 9

Clifton PWS

sun

Now
Today
Yesterday
This Month
This Year
Monthly records
All Time Records

Archive Charts Gauges NOAA Style reports Shap Weather Station

NOAA Style reports
Select a Year or Month report

Report for 2015 Feb
                   Monthly Climatological Summary for Feb 2015

Name: Clifton Weather Station   City: Clifton   State: Cumbria
Elevation: 159 m  Lat: N 54 37 51   Lon: W 002 43 06

                  Temperature (°C), Rain (mm), Wind Speed (mph)

                                      Heat  Cool        Avg
    Mean                              Deg   Deg         Wind                 Dom
Day Temp  High   Time   Low    Time   Days  Days  Rain  Speed High   Time    Dir
----------------------------------------------------------------------------------
01   0.8   2.5   12:40  -3.2   23:49  17.4   0.0   0.3   3.9  19.7   02:56   WNW
02  -1.0   1.6   14:13  -3.3   05:20  19.3   0.0   0.0   0.7  11.4   15:28     W
03  -1.6   2.0   13:52  -5.8   07:53  19.9   0.0   0.3   1.3  10.7   18:40   WNW
04   0.3   3.0   13:55  -2.8   05:43  18.0   0.0   0.0   1.3   9.2   10:27     W
05   2.2   5.8   13:58  -0.4   03:08  16.1   0.0   0.9   0.8   7.6   18:33    NW
06   3.2   5.1   14:21   2.0   06:26  15.1   0.0   0.3   0.4   5.4   11:49   WSW
07   1.9   3.5   14:48  -1.0   23:54  16.4   0.0   0.0   0.6   9.8   03:12   WNW
08   1.2   5.6   21:11  -3.5   06:36  17.1   0.0   0.0   0.7  11.4   22:36   WNW
09   3.1   8.3   12:53  -1.0   07:28  15.2   0.0   0.3   1.4  11.4   14:00   WSW
10   3.3   5.4   13:29   1.9   00:00  15.0   0.0   0.0   0.4   5.4   11:53   SSW
11   2.8   4.0   14:56   1.3   02:51  15.5   0.0   0.3   0.7  11.4   13:04   SSE
12   3.9   6.0   12:57   1.8   07:47  14.3   0.0   0.6   1.9  15.2   23:47   SSE
13   4.6   6.3   13:58   2.4   02:39  13.7   0.0   4.5   1.2  15.2   10:40   ENE
14   5.5   9.1   14:01   2.4   06:12  12.8   0.0   0.0   0.4   9.2   12:59   SSW
15   5.8  10.0   13:49   2.5   08:03  12.5   0.0   0.0   1.8  18.3   21:01    SE
16   5.1   8.0   14:41   1.3   22:47  13.2   0.0   0.9   3.7  19.7   03:19    SW
17   4.6   7.7   14:47  -0.5   06:09  13.7   0.0   0.3   4.5  22.8   23:40   SSW
18   8.2  10.3   11:24   6.6   00:47  10.1   0.0   0.3   9.4  39.6   20:30     S
19   6.9   9.1   14:04   2.4   22:53  11.4   0.0   1.5   4.1  25.1   02:46     S
20   3.4   6.8   12:40   0.5   04:27  14.9   0.0   0.6   1.8  15.9   12:10   SSW
21   3.2   5.9   14:35   1.5   06:58  15.1   0.0   0.3   3.6  21.3   16:50   WSW
22   3.0   6.6   19:43   0.7   03:12  15.3   0.0   9.0   4.1  28.9   21:40     S
23   3.7   5.4   14:22   2.2   04:51  14.6   0.0   6.9  10.2  35.8   17:58   SSW
24   3.6   5.3   10:02   1.4   20:14  14.7   0.0   4.8   8.5  34.2   11:13    SW
25   5.8   9.5   22:39   2.2   03:49  12.5   0.0   1.8   2.2  19.0   19:15   SSE
26   6.4  10.0   01:20   2.7   23:25  12.0   0.0   7.8   5.8  28.2   11:23    SW
27   4.6   6.9   14:22   2.2   04:15  13.6   0.0   0.0   5.3  22.1   11:27   SSW
28   7.0   9.1   21:27   5.0   00:28  11.3   0.0   3.0   7.0  38.0   23:54     S
----------------------------------------------------------------------------------
     3.6  10.3    18    -5.8     3   410.7   0.0  44.7   3.1  39.6    18     SSW

Max >=  27.0  0
Max <=   0.0  0
Min <=   0.0  9
Min <= -18.0  0
Max Rain: 9.0 on day 22
Days of Rain: 20 (>= 0.2 mm)  6 (>= 2.0 mm)  0 (>= 20.0 mm)
Heat Base: 18.3  Cool Base: 18.3  Method: Integration
Update : 09/01/2019 01:15:03
Powered by Cumulus :v3.0.0 (3043)