pic 9

Clifton PWS

sun

Now
Today
Yesterday
This Month
This Year
Monthly records
All Time Records

Archive Charts Gauges NOAA Style reports Shap Weather Station

NOAA Style reports
Select a Year or Month report

Report for 2015 Jan
                   Monthly Climatological Summary for Jan 2015

Name: Clifton Weather Station   City: Clifton   State: Cumbria
Elevation: 159 m  Lat: N 54 37 51   Lon: W 002 43 06

                  Temperature (°C), Rain (mm), Wind Speed (mph)

                                      Heat  Cool        Avg
    Mean                              Deg   Deg         Wind                 Dom
Day Temp  High   Time   Low    Time   Days  Days  Rain  Speed High   Time    Dir
----------------------------------------------------------------------------------
01  10.8  13.3   20:54   8.6   00:00   7.5   0.0   8.7  10.9  42.5   15:38     S
02   5.9   9.4   00:00   4.7   17:07  12.4   0.0   0.6  11.1  36.5   03:50    SW
03   4.1   7.0   02:55  -1.2   22:48  14.2   0.0   0.3   3.0  24.4   02:59    SW
04   0.3   3.9   13:18  -2.5   03:15  18.0   0.0   0.3   0.5  10.7   12:58   ENE
05   6.0   9.1   12:41   2.0   00:00  12.3   0.0   0.0   2.3  14.5   20:44    SE
06   5.9   7.9   09:04   3.4   18:09  12.3   0.0   0.6   3.4  16.8   00:49   SSW
07   8.1  10.6   20:04   4.8   00:00  10.2   0.0   6.0   9.8  41.2   14:35     S
08   6.5   8.6   00:00   5.3   16:09  11.8   0.0   3.0   8.8  38.7   22:33   SSW
09   9.6  13.1   17:37   5.7   13:11   8.7   0.0   7.8  13.4  47.9   01:54    SW
10   6.2  12.6   01:55   1.9   14:01  12.1   0.0  11.7  13.1  40.3   03:36    SW
11   5.0   7.6   23:52   2.1   05:20  13.4   0.0   8.4  10.2  38.0   23:49    SW
12   6.3   9.3   08:41   3.0   18:09  12.0   0.0   7.2  10.6  38.7   07:22   SSW
13   3.0   5.4   01:53   0.4   23:18  15.3   0.0   3.9   6.4  25.9   13:06   SSW
14   2.6   7.1   23:56  -0.4   04:33  15.7   0.0  14.4   5.4  39.6   23:09   SSE
15   5.4   8.0   01:01   3.4   16:15  12.9   0.0   9.6  15.5  47.2   11:29     S
16   2.2   4.3   00:00   0.9   09:25  16.0   0.0   0.6   5.1  26.6   00:10    SW
17   1.6   3.9   13:53   0.5   21:01   0.0   0.4   5.1   1.1  15.9   00:19   SSW
18  -0.4   2.3   14:31  -3.7   05:44   0.1   0.0   0.3   1.6  13.6   11:05     W
19   0.5   1.8   11:31  -2.0   23:58   0.1   0.7   0.0   0.9   8.3   00:01     W
20  -0.6   1.4   13:40  -3.5   03:09   0.9   0.3   0.0   0.3   8.3   09:47     E
21   1.4   2.9   14:13   0.3   00:04  11.9   0.0   0.0   0.6   9.8   06:55     E
22  -0.1   3.0   14:12  -2.7   08:20  18.4   0.0   0.0   0.4  15.9   23:43     S
23   3.4   7.4   18:50   0.8   04:50  14.9   0.0   5.7   4.5  22.8   10:00     S
24   3.8   5.5   13:09   2.3   03:53  14.5   0.0   0.0   5.6  22.1   00:05   WSW
25   7.3   9.6   13:40   3.4   01:56  11.0   0.0   3.9   3.9  22.8   14:03     S
26   5.8   8.6   00:32   3.7   19:26  12.5   0.0   1.2   4.6  27.3   07:46   WSW
27   6.1   7.3   13:01   4.3   01:03  12.3   0.0   0.6   3.9  26.6   23:16   SSW
28   3.7   8.6   05:46   0.5   22:47  14.6   0.0   9.6   9.6  41.2   12:17    SW
29   0.8   1.8   14:20  -1.7   23:50  17.5   0.0   0.6   5.6  29.8   00:52    SW
30   1.1   3.6   13:55  -2.1   00:08  17.1   0.0   0.0   2.7  19.0   16:45     W
31   2.2   3.8   14:31   1.0   01:57  16.1   0.0   0.9   4.9  21.3   23:18   WNW
----------------------------------------------------------------------------------
     4.0  13.3     1    -3.7    18   366.7   1.4 111.0   5.8  47.9     9     SSW

Max >=  27.0  0
Max <=   0.0  0
Min <=   0.0  9
Min <= -18.0  0
Max Rain: 14.4 on day 14
Days of Rain: 24 (>= 0.2 mm)  14 (>= 2.0 mm)  0 (>= 20.0 mm)
Heat Base: 18.3  Cool Base: 18.3  Method: Integration
Update : 09/01/2019 01:15:03
Powered by Cumulus :v3.0.0 (3043)