pic 9

Clifton PWS

sun

Now
Today
Yesterday
This Month
This Year
Monthly records
All Time Records

Archive Charts Gauges NOAA Style reports Shap Weather Station

NOAA Style reports
Select a Year or Month report

Report for 2014 Dec
                   Monthly Climatological Summary for Dec 2014

Name: Clifton Weather Station   City: Clifton   State: Cumbria
Elevation: 159 m  Lat: N 54 37' 51"   Lon: W 002 43' 06"

                  Temperature (C), Rain (mm), Wind Speed (mph)

                                      Heat  Cool        Avg
    Mean                              Deg   Deg         Wind                 Dom
Day Temp  High   Time   Low    Time   Days  Days  Rain  Speed High   Time    Dir
----------------------------------------------------------------------------------
 1   6.5   9.1   14:14   3.0   01:57  11.8   0.0   0.0   1.0  13.6   22:56     S
 2   3.3   6.7   00:47  -1.3   23:28  15.0   0.0   0.0   1.7  13.0   00:55   WNW
 3  -0.2   2.7   14:45  -2.7   06:54  18.5   0.0   0.3   0.1   3.1   00:50    SW
 4   1.5   3.6   12:53  -1.3   03:54  16.8   0.0   0.0   0.2   4.5   07:57    SE
 5   2.5   5.7   12:14  -1.9   23:38  15.8   0.0   0.3   1.7  16.8   12:49   WSW
 6   2.7   8.9   23:29  -3.3   05:54  15.6   0.0   6.6   1.7  15.2   21:41     S
 7   5.6   9.4   03:07   3.4   18:02  12.7   0.0   6.3   6.8  24.4   04:10    SW
 8   2.4   5.0   13:45  -1.3   23:38  16.0   0.0   2.7   2.7  16.8   10:51   WSW
 9   4.4  11.3   19:02  -1.7   01:45  13.9   0.0   8.1   6.2  34.9   18:24     S
10   4.9   6.0   09:44   3.2   02:11  13.4   0.0   5.7  11.9  39.6   12:08    SW
11   3.8   4.8   19:48   2.2   04:47  14.5   0.0   6.0   9.3  35.8   07:43    SW
12   2.2   3.9   17:02   0.3   23:58  16.1   0.0   2.4   2.0  18.3   13:26   WSW
13   0.7   4.3   23:34  -3.1   08:56  17.6   0.0   1.5   1.5  17.4   22:28     S
14   6.3   8.4   12:47   4.1   23:59  12.0   0.0  10.2   6.4  27.3   10:31   SSW
15   4.7   5.7   13:28   3.6   16:52  13.6   0.0   3.3   4.1  19.0   22:51    SW
16   5.3   6.8   23:59   4.1   08:05  13.0   0.0   1.8   3.7  25.1   04:45    SW
17  10.5  11.8   13:31   6.8   00:00   7.8   0.0   0.6   4.5  21.3   08:15    SW
18  10.6  12.5   11:23   7.3   23:55   7.7   0.0   6.3   6.5  27.3   11:13   SSW
19   6.0   7.5   00:00   4.7   16:23  12.3   0.0   1.5   9.6  33.6   05:51    SW
20   6.6   7.6   12:52   5.7   05:35  11.7   0.0   2.4   7.0  34.9   00:30   WSW
21   9.7  12.5   19:28   6.7   03:52   8.6   0.0   1.5   8.2  36.5   19:50   SSW
22  11.4  12.5   11:32  10.0   23:19   6.9   0.0  15.3   8.5  28.2   04:46   SSW
23   9.7  11.3   03:22   6.6   23:59   8.6   0.0   8.7   5.8  32.7   04:59   SSW
24   5.6   6.6   00:00   4.3   06:47  12.7   0.0   1.2   6.6  25.1   12:55    SW
25   4.8   6.1   12:53   2.1   23:57  13.5   0.0   1.2   2.6  18.3   04:58   WSW
26   3.2   5.2   12:37   1.3   02:40  15.1   0.0   1.8   0.4   9.2   13:01     W
27   1.9   3.9   13:41   0.3   08:08  16.4   0.0   0.0   0.9   9.8   20:11    NW
28   0.2   2.2   13:59  -3.2   23:29  18.1   0.0   0.0   0.6   8.3   02:00     W
29  -1.2   1.8   14:39  -3.5   01:36  19.5   0.0   0.0   0.2   3.8   05:00   SSW
30   1.5   5.0   13:58  -1.6   02:08  16.8   0.0   0.3   0.5  13.6   20:28     E
31   6.0   8.9   23:21   3.0   00:00  12.3   0.0   2.1   4.9  21.3   09:31   SSE
----------------------------------------------------------------------------------
     4.6  12.5    18    -3.5    29   424.3   0.0  98.1   4.1  39.6    10      SW

Max >=  27.0:  0
Max <=   0.0:  0
Min <=   0.0: 11
Min <= -18.0:  0
Max Rain: 15.3 on day 22
Days of Rain: 25 (>= 0.2 mm)  14 (>= 2.0 mm)  0 (>= 20.0 mm)
Heat Base: 18.3  Cool Base: 18.3  Method: Integration
Update : 09/01/2019 01:15:03
Powered by Cumulus :v3.0.0 (3043)