pic 9

Clifton PWS

sun

Now
Today
Yesterday
This Month
This Year
Monthly records
All Time Records

Archive Charts Gauges NOAA Style reports Shap Weather Station

NOAA Style reports
Select a Year or Month report

Report for 2014 Sep
                   Monthly Climatological Summary for Sep 2014

Name: Clifton Weather Station   City: Clifton   State: Cumbria
Elevation: 159 m  Lat: N 54 37' 51"   Lon: W 002 43' 06"

                  Temperature (C), Rain (mm), Wind Speed (mph)

                                      Heat  Cool        Avg
    Mean                              Deg   Deg         Wind                 Dom
Day Temp  High   Time   Low    Time   Days  Days  Rain  Speed High   Time    Dir
----------------------------------------------------------------------------------
 1  15.1  18.0   15:19  13.3   00:12   3.2   0.0   3.6   1.6  13.6   09:38   WNW
 2  15.5  21.2   17:43  10.0   06:43   3.2   0.4   0.0   0.4   8.3   12:42    SE
 3  16.8  22.9   15:47  10.6   05:52   2.6   1.2   0.0   0.6   9.2   12:08   SSE
 4  18.6  23.8   13:48  13.6   23:59   1.2   1.5   0.0   0.4   7.6   12:32     E
 5  15.9  22.3   14:49  10.3   07:02   3.1   0.7   0.0   1.2   9.8   15:55   WNW
 6  15.6  19.6   15:45  11.4   23:52   2.8   0.1   2.1   1.0   9.2   15:03     W
 7  12.8  18.0   15:34   7.6   06:18   5.5   0.0   0.3   1.4  11.4   15:55     W
 8  12.4  18.4   16:04   6.5   06:55   5.9   0.0   0.0   0.6   8.3   18:37   WNW
 9  12.6  18.5   15:35   7.2   05:09   5.7   0.0   0.0   0.5   6.9   15:37     W
10  14.1  21.0   14:15   7.8   06:03   4.7   0.5   0.0   0.7   9.8   16:10    SE
11  15.0  21.3   14:42   8.8   06:56   3.8   0.5   0.0   0.5   6.0   17:16    NW
12  15.5  21.3   14:37  10.2   06:56   3.4   0.5   0.0   0.4   8.3   13:54   SSE
13  13.3  20.4   15:03   7.5   06:47   5.3   0.3   0.0   0.3   9.2   17:47   ESE
14  14.2  18.5   15:03  10.5   00:43   4.1   0.0   0.0   0.3  10.7   15:51   ESE
15  15.2  19.9   16:15  11.1   00:15   3.2   0.1   0.0   0.6   6.9   10:20     W
16  16.3  20.8   15:03  13.0   07:19   2.4   0.4   0.0   0.7   9.2   11:17   ESE
17  15.1  21.4   15:41   8.0   06:47   3.6   0.4   0.0   0.5   9.2   14:33     E
18  17.6  22.6   15:01  14.1   04:19   1.7   0.9   0.0   0.9  12.1   12:01   ESE
19  16.4  20.4   15:48  13.5   06:01   2.2   0.3   0.0   0.4   6.9   13:52   ESE
20  14.6  17.5   16:33   9.0   23:46   3.7   0.0   0.0   0.6   6.9   12:58   WNW
21  11.3  17.0   17:03   6.7   06:45   7.0   0.0   0.0   0.5   7.6   12:52   WNW
22  11.6  18.0   14:37   6.4   03:55   6.7   0.0   0.0   1.0  12.1   12:06   WSW
23  12.4  16.6   13:52   7.4   03:01   5.8   0.0   0.0   1.2  13.6   15:33   SSW
24  12.6  16.3   15:06  10.0   23:25   5.7   0.0   2.4   2.3  15.9   03:45     W
25  14.7  19.8   14:36   9.1   03:42   3.7   0.1   0.0   2.2  15.9   13:41   SSW
26  14.3  16.8   14:51   8.9   23:48   4.0   0.0   0.9   3.6  23.5   09:13    SW
27  11.8  15.9   17:01   7.4   04:29   6.4   0.0   0.0   1.6  15.9   18:36     S
28  15.1  19.4   13:40  11.5   23:57   3.3   0.1   0.0   0.9  10.7   12:27   SSE
29  14.5  20.2   15:44  10.5   01:50   4.0   0.2   0.0   0.3   3.8   12:30    SW
30  14.4  19.4   15:59   8.8   05:40   4.0   0.1   0.0   1.8  18.3   21:04   SSE
----------------------------------------------------------------------------------
    14.5  23.8     4     6.4    22   121.9   8.3   9.3   1.0  23.5    26      SW

Max >=  27.0:  0
Max <=   0.0:  0
Min <=   0.0:  0
Min <= -18.0:  0
Max Rain: 3.6 on day 1
Days of Rain: 5 (>= 0.2 mm)  3 (>= 2.0 mm)  0 (>= 20.0 mm)
Heat Base: 18.3  Cool Base: 18.3  Method: Integration
Update : 09/01/2019 01:15:03
Powered by Cumulus :v3.0.0 (3043)