pic 9

Clifton PWS

sun

Now
Today
Yesterday
This Month
This Year
Monthly records
All Time Records

Archive Charts Gauges NOAA Style reports Shap Weather Station

NOAA Style reports
Select a Year or Month report

Report for 2014 Aug
                   Monthly Climatological Summary for Aug 2014

Name: Clifton Weather Station   City: Clifton   State: Cumbria
Elevation: 159 m  Lat: N 54 37' 51"   Lon: W 002 43' 06"

                  Temperature (C), Rain (mm), Wind Speed (mph)

                                      Heat  Cool        Avg
    Mean                              Deg   Deg         Wind                 Dom
Day Temp  High   Time   Low    Time   Days  Days  Rain  Speed High   Time    Dir
----------------------------------------------------------------------------------
 1  15.9  17.8   14:20  13.4   23:55   2.4   0.0  17.4   0.6   6.9   07:40   SSW
 2  16.2  22.5   17:59  13.0   03:11   2.4   0.4  12.9   0.9  12.1   16:21   ESE
 3  15.1  18.9   14:34  12.3   05:28   3.3   0.0   5.1   4.6  22.8   13:19   SSE
 4  16.2  20.7   15:11  11.2   23:58   2.4   0.3   0.0   2.3  14.5   16:44   SSW
 5  16.0  24.3   14:15   8.0   05:22   3.5   1.2   0.3   1.2  13.6   16:22    SE
 6  17.8  21.6   18:21  15.1   05:23   1.3   0.8  14.4   1.8  17.4   16:22   SSW
 7  16.0  20.8   16:31  11.0   06:09   2.8   0.5   0.0   1.9  13.6   00:05    SW
 8  15.2  22.6   16:21   8.5   05:40   3.7   0.6   5.7   1.1  23.5   14:04   SSE
 9  16.0  20.0   17:38  12.5   05:01   2.6   0.2   0.0   3.0  21.3   15:36   SSW
10  14.0  16.3   14:39  12.0   22:24   4.3   0.0  27.6   1.2  21.3   23:59   WSW
11  14.1  18.9   14:15  11.6   00:18   4.2   0.0   5.7   6.4  31.1   08:31   SSW
12  14.2  17.5   14:15  12.1   22:48   4.1   0.0   4.5   4.4  21.3   09:46   SSW
13  15.3  19.8   16:45  12.2   00:04   3.1   0.1   4.5   3.7  19.0   17:36   WSW
14  14.0  18.6   15:38  10.3   05:24   4.3   0.0   4.5   1.1  10.7   01:15   WSW
15  14.7  18.9   17:31  11.8   05:44   3.6   0.0   1.5   1.4  15.9   17:32   WSW
16  14.2  17.8   14:47  11.5   02:09   4.1   0.0   2.4   3.4  20.6   21:25    SW
17  13.2  15.6   14:34  11.4   07:14   5.1   0.0   2.4   6.0  25.9   13:25   WSW
18  13.3  16.9   14:51  10.6   23:48   5.0   0.0   0.0   3.2  15.9   16:36     W
19  11.9  17.1   16:06   7.9   06:28   6.4   0.0   0.3   2.0  15.9   19:38     W
20  11.4  16.3   16:21   6.4   02:51   6.9   0.0   0.0   1.6  14.5   17:33   WSW
21  12.8  17.2   16:46  10.3   05:08   5.5   0.0   2.4   2.7  16.8   15:26   SSW
22  11.8  16.4   16:47   8.4   06:37   6.5   0.0   3.6   1.8  14.5   15:38     W
23  11.2  16.6   16:41   5.7   05:01   7.1   0.0   0.0   1.6  15.2   17:07     W
24  11.9  17.7   17:05   6.6   06:21   6.4   0.0   0.3   0.8   9.8   14:05   WSW
25  13.6  17.2   16:35   9.0   00:00   4.7   0.0   0.0   1.9  22.8   13:17     E
26  14.7  19.6   15:11   9.5   23:54   3.8   0.1   0.0   1.6  15.9   02:25     E
27  12.9  19.3   16:36   5.8   06:30   5.5   0.0   0.0   1.5  18.3   21:53   ESE
28  16.1  19.7   12:53  13.4   02:51   2.3   0.1   2.4   3.3  23.5   23:29   SSE
29  15.6  18.7   14:52  13.5   03:03   2.7   0.0   8.1   5.4  25.1   12:45     S
30  15.3  18.4   13:54  11.9   23:36   3.0   0.0   0.3   4.0  19.0   02:11    SW
31  15.3  20.3   17:00  11.8   00:02   3.3   0.2   1.2   1.9  13.6   18:32    SW
----------------------------------------------------------------------------------
    14.4  24.3     5     5.7    23   126.3   4.5 127.5   2.5  31.1    11     SSW

Max >=  27.0:  0
Max <=   0.0:  0
Min <=   0.0:  0
Min <= -18.0:  0
Max Rain: 27.6 on day 10
Days of Rain: 22 (>= 0.2 mm)  16 (>= 2.0 mm)  1 (>= 20.0 mm)
Heat Base: 18.3  Cool Base: 18.3  Method: Integration
Update : 09/01/2019 01:15:03
Powered by Cumulus :v3.0.0 (3043)