pic 9

Clifton PWS

sun

Now
Today
Yesterday
This Month
This Year
Monthly records
All Time Records

Archive Charts Gauges NOAA Style reports Shap Weather Station

NOAA Style reports
Select a Year or Month report

Report for 2014 May
                   Monthly Climatological Summary for May 2014

Name: Clifton Weather Station   City: Clifton   State: Cumbria
Elevation: 159 m  Lat: N 54 37' 51"   Lon: W 002 43' 06"

                  Temperature (C), Rain (mm), Wind Speed (mph)

                                      Heat  Cool        Avg
    Mean                              Deg   Deg         Wind                 Dom
Day Temp  High   Time   Low    Time   Days  Days  Rain  Speed High   Time    Dir
----------------------------------------------------------------------------------
 1   9.8  12.6   13:43   5.9   23:45   8.5   0.0   0.9   0.6   6.9   01:48   ENE
 2   9.7  15.7   16:24   5.4   23:43   8.6   0.0   0.0   0.9   8.3   09:49   ENE
 3   9.2  14.0   15:12   4.1   03:28   9.1   0.0   0.0   0.9   9.2   14:09   SSE
 4  11.8  14.5   12:31   9.7   04:53   6.5   0.0   0.9   3.0  18.3   16:40     S
 5  12.5  16.2   14:36   8.9   03:47   5.8   0.0   0.6   2.7  21.3   15:51   SSE
 6  12.3  15.9   15:04   9.5   06:54   6.0   0.0   0.9   5.3  23.5   19:00     S
 7  10.6  13.2   13:35   8.1   02:26   7.7   0.0  11.4   4.5  21.3   18:49   SSW
 8  11.5  14.7   13:55   9.4   04:57   6.8   0.0   2.7   2.2  13.0   00:14   SSW
 9  10.9  14.2   15:47   7.5   06:23   7.4   0.0   6.3   3.8  24.4   14:47    SW
10  11.6  15.3   13:42   7.9   06:33   6.7   0.0   8.1   2.7  20.6   14:37     S
11  10.3  13.1   15:38   8.6   22:17   8.0   0.0  13.2   2.0  16.8   15:08   WSW
12  10.2  15.0   13:45   6.7   23:48   8.1   0.0  38.4   1.1  12.1   11:24   WSW
13  10.5  15.8   14:14   5.8   02:13   7.8   0.0   0.3   1.3  13.0   17:55   WSW
14  11.6  17.0   17:10   4.9   05:26   6.7   0.0   0.0   1.5  11.4   17:22     W
15  13.8  19.4   15:50   9.6   04:34   4.5   0.0   0.6   1.2   9.8   15:21    SW
16  14.4  20.7   13:39   7.1   04:33   4.2   0.3   0.0   2.5  15.2   11:19     S
17  14.7  21.1   15:35   9.8   05:10   3.8   0.2   0.0   4.2  23.5   17:30     S
18  15.8  22.4   17:18  10.8   04:29   3.3   0.8   0.0   4.4  29.8   11:22   SSE
19  16.9  24.4   16:14   8.6   05:04   3.0   1.6   0.0   1.4  16.8   17:54     E
20  17.7  22.9   18:48  13.0   04:54   1.7   1.0   4.5   1.3  15.9   11:30   ESE
21  14.3  19.2   17:05   9.6   06:08   4.0   0.0   0.3   1.9  13.0   08:34   SSW
22  10.6  14.1   13:14   8.9   05:54   7.7   0.0   3.9   1.1   9.2   17:30   WNW
23  10.2  13.9   16:27   7.8   01:48   8.1   0.0   2.7   0.5   9.2   04:54   NNE
24  12.1  17.3   12:57   9.1   01:16   6.2   0.0   1.8   0.7   8.3   15:19     N
25  13.2  18.3   14:30   8.9   04:37   5.1   0.0   6.9   0.9   9.8   12:48   ESE
26  15.1  20.9   16:27  10.8   03:12   3.5   0.3   3.6   1.6  16.8   12:09   SSE
27  15.1  20.0   16:01  11.6   05:28   3.3   0.2   1.8   0.5   7.6   15:56    NE
28  11.8  13.8   09:41  10.4   23:24   6.5   0.0  10.2   0.8   7.6   01:25    NW
29  11.7  14.4   13:27   9.1   23:49   6.6   0.0   0.0   0.8  15.9   12:47     E
30  13.3  18.7   15:30   9.2   00:00   5.0   0.0   0.3   0.6   8.3   11:25   ESE
31  14.6  19.7   17:41  10.5   05:56   3.9   0.2   0.0   1.5  13.0   09:35     W
----------------------------------------------------------------------------------
    12.5  24.4    19     4.1     3   184.1   4.6 120.3   1.9  29.8    18       S

Max >=  27.0:  0
Max <=   0.0:  0
Min <=   0.0:  0
Min <= -18.0:  0
Max Rain: 38.4 on day 12
Days of Rain: 22 (>= 0.2 mm)  12 (>= 2.0 mm)  1 (>= 20.0 mm)
Heat Base: 18.3  Cool Base: 18.3  Method: Integration
Update : 09/01/2019 01:15:03
Powered by Cumulus :v3.0.0 (3043)