pic 9

Clifton PWS

sun

Now
Today
Yesterday
This Month
This Year
Monthly records
All Time Records

Archive Charts Gauges NOAA Style reports Shap Weather Station

NOAA Style reports
Select a Year or Month report
V/Λ2020 > Jan Feb Mar Apr May Jun Jul Aug Sep Oct Nov Dec
V/Λ2019 > Jan Feb Mar Apr May Jun Jul Aug Sep Oct Nov Dec
V/Λ2018 > Jan Feb Mar Apr May Jun Jul Aug Sep Oct Nov Dec
V/Λ2017 > Jan Feb Mar Apr May Jun Jul Aug Sep Oct Nov Dec
V/Λ2016 > Jan Feb Mar Apr May Jun Jul Aug Sep Oct Nov Dec
V/Λ2015 > Jan Feb Mar Apr May Jun Jul Aug Sep Oct Nov Dec
V/Λ2014 > Jan Feb Mar Apr May Jun Jul Aug Sep Oct Nov Dec
V/Λ2013 > Jan Feb Mar Apr May Jun Jul Aug Sep Oct Nov Dec
V/Λ2012 > Jan Feb Mar Apr May Jun Jul Aug Sep Oct Nov Dec
V/Λ2011 > Jan Feb Mar Apr May Jun Jul Aug Sep Oct Nov Dec
V/Λ2010 > Jan Feb Mar Apr May Jun Jul Aug Sep Oct Nov Dec
V/Λ2009 > Jan Feb Mar Apr May Jun Jul Aug Sep Oct Nov Dec

Report for 2014 Mar
                   Monthly Climatological Summary for Mar 2014

Name: Clifton Weather Station   City: Clifton   State: Cumbria
Elevation: 159 m  Lat: N 54 37' 51"   Lon: W 002 43' 06"

                  Temperature (C), Rain (mm), Wind Speed (mph)

                                      Heat  Cool        Avg
    Mean                              Deg   Deg         Wind                 Dom
Day Temp  High   Time   Low    Time   Days  Days  Rain  Speed High   Time    Dir
----------------------------------------------------------------------------------
 1   3.7   7.3   13:37   0.1   00:40  14.7   0.0   4.2   0.6  15.9   23:17    SE
 2   5.5   8.4   13:24   1.4   06:54  12.8   0.0   9.0   1.0  22.8   02:10     S
 3   4.0   7.9   13:39   0.6   06:57  14.3   0.0   0.3   0.0   0.0   00:00   ---
 4   5.2   9.1   12:31   0.4   00:40  13.1   0.0   0.3   0.0   0.0   00:00   ---
 5   6.7   9.8   12:16   2.4   05:32  11.7   0.0   0.0   0.0   9.8   22:55     S
 6   9.8  12.7   14:15   7.9   00:00   8.5   0.0   2.1   0.0   9.8   00:58   ESE
 7   7.2   9.7   00:35   2.0   22:14  11.1   0.0   7.8   0.0   8.3   12:29   SSW
 8   8.0  11.6   16:21   2.7   00:00  10.4   0.0   0.0   4.4  30.4   12:40   SSE
 9   9.9  11.0   13:27   8.1   00:00   8.4   0.0   0.3   4.7  25.9   04:45   SSE
10   6.4  10.7   16:26   2.2   06:41  11.9   0.0   0.9   1.4  17.4   00:40   WNW
11   5.3  13.0   15:38  -1.1   06:37  13.0   0.0   0.0   0.5   8.3   11:31   ESE
12   5.6  13.7   14:30  -0.3   06:06  12.7   0.0   0.3   0.9   9.2   13:36   SSW
13   4.3  10.3   16:26  -0.3   06:39  13.9   0.0   0.0   0.8   8.3   13:12     W
14   7.2  10.7   11:33   3.5   00:39  11.1   0.0   0.0   4.4  32.7   17:27   WSW
15   9.3  10.8   16:08   7.9   00:00   9.1   0.0   0.0   6.5  25.1   04:20   WSW
16   9.4  12.4   13:16   6.9   06:08   8.9   0.0   0.3   6.1  27.3   06:00   WSW
17   9.1  11.1   14:00   8.1   08:16   9.2   0.0   0.3   5.6  21.3   15:51    SW
18   8.5  10.1   14:09   7.1   05:04   9.8   0.0   6.3   5.7  31.1   19:17    SW
19   9.9  12.4   12:53   8.2   00:28   8.4   0.0   0.3  10.3  33.6   12:39     S
20   7.7  10.4   09:43   4.4   23:45  10.6   0.0   9.9  11.6  45.6   01:39     S
21   5.8   9.9   14:19   2.5   23:51  12.5   0.0   5.7   7.3  33.6   19:45     S
22   3.7   7.1   14:11   0.6   06:25  14.7   0.0   4.2   2.1  19.7   08:35    SW
23   4.9   8.7   14:47   0.3   23:46  13.4   0.0   0.9   3.0  19.0   07:31     W
24   4.4  10.4   14:59  -2.2   06:33  13.9   0.0   0.0   2.2  18.3   12:46   ESE
25   7.0  11.2   12:06   4.3   23:59  11.3   0.0   2.4   0.6  14.5   04:55   ESE
26   4.5   9.0   12:56   0.3   05:51  13.8   0.0   0.9   1.9  13.6   18:21     N
27   5.4   9.9   12:51   2.8   03:43  12.9   0.0   1.2   2.0  15.2   08:13    NE
28   5.8   7.1   13:58   4.4   02:34  12.5   0.0   3.0   1.7  13.0   00:37    NE
29   8.5  13.5   15:09   5.3   05:53   9.8   0.0   0.0   1.5  19.0   23:19   ESE
30  10.0  14.9   15:41   6.2   00:05   7.9   0.0   0.0   2.4  15.2   08:04    SE
31   9.7  16.1   15:18   5.2   03:57   8.6   0.0   0.3   1.5  14.5   10:07   ESE
----------------------------------------------------------------------------------
     6.9  16.1    31    -2.2    24   354.9   0.0  60.9   2.9  45.6    20     SSW

Max >=  27.0:  0
Max <=   0.0:  0
Min <=   0.0:  4
Min <= -18.0:  0
Max Rain: 9.9 on day 20
Days of Rain: 22 (>= 0.2 mm)  10 (>= 2.0 mm)  0 (>= 20.0 mm)
Heat Base: 18.3  Cool Base: 18.3  Method: Integration
Update : 09/01/2019 01:15:03
Powered by Cumulus :v3.0.0 (3043)