pic 9

Clifton PWS

sun

Now
Today
Yesterday
This Month
This Year
Monthly records
All Time Records

Archive Charts Gauges NOAA Style reports Shap Weather Station

NOAA Style reports
Select a Year or Month report

Report for 2014 Feb
                   Monthly Climatological Summary for Feb 2014

Name: Clifton Weather Station   City: Clifton   State: Cumbria
Elevation: 159 m  Lat: N 54 37' 51"   Lon: W 002 43' 06"

                  Temperature (C), Rain (mm), Wind Speed (mph)

                                      Heat  Cool        Avg
    Mean                              Deg   Deg         Wind                 Dom
Day Temp  High   Time   Low    Time   Days  Days  Rain  Speed High   Time    Dir
----------------------------------------------------------------------------------
 1   4.0   6.5   18:46   1.5   04:38  14.3   0.0  20.1   9.3  41.8   18:40   SSE
 2   5.8   6.6   14:47   5.0   07:36  12.5   0.0   6.0   6.1  23.5   01:04     S
 3   5.6   7.0   12:11   4.1   23:27  12.7   0.0   0.0   5.0  31.1   06:09    SE
 4   4.3   5.7   12:51   2.8   07:09  14.0   0.0   4.8   2.8  21.3   15:23   ESE
 5   5.6   7.1   20:16   4.3   00:00  12.7   0.0   9.6   2.9  19.7   00:40     E
 6   6.1   7.8   14:53   4.2   23:56  12.2   0.0   2.7   3.2  24.4   09:08     S
 7   4.3   7.1   14:23   2.1   07:55  14.0   0.0   4.8   2.6  19.0   20:43   SSW
 8   5.2   6.3   20:15   3.2   01:00  13.2   0.0  21.0   6.5  31.1   15:03    SE
 9   5.4   8.0   13:11   3.3   23:56  12.9   0.0   9.0   6.1  32.0   10:43   SSW
10   3.4   6.7   14:37   0.8   07:16  14.9   0.0   0.0   1.7  13.6   01:42     S
11   2.7   5.0   13:36   0.9   06:03  15.6   0.0   7.8   5.5  27.3   19:14     S
12   3.4   5.9   15:38   1.8   05:35  14.9   0.0  22.5   9.0  55.5   21:24     S
13   3.6   5.1   12:18   1.9   04:22  14.7   0.0   9.0   9.2  37.4   01:50   SSW
14   4.5   6.9   20:45   2.1   14:50  13.8   0.0  15.3   2.9  22.1   13:02    SE
15   5.5   7.1   01:05   2.5   12:48  12.8   0.0   4.5   6.0  28.9   21:46    SW
16   4.0   6.8   13:45   2.0   22:56  14.3   0.0   0.6   3.8  24.4   03:40    SW
17   5.8   8.5   14:48   2.4   00:33  12.5   0.0   1.8   1.4  15.2   23:09   ESE
18   7.1   8.5   09:38   6.0   05:32  11.2   0.0   1.8   2.8  18.3   11:43     S
19   7.5   9.6   13:16   4.6   08:05  10.8   0.0   1.8   1.2  10.7   13:22     S
20   7.4   9.8   07:55   4.7   22:14  10.9   0.0   6.3   6.4  41.8   08:10     S
21   5.3   7.1   12:59   3.5   07:12  13.0   0.0   7.8   8.4  29.8   11:59     S
22   6.8   8.3   15:24   5.2   02:34  11.5   0.0   3.9   7.2  32.7   19:06     S
23   8.4  10.1   12:11   6.9   21:46  10.0   0.0  18.3   9.3  47.9   12:19   SSE
24   7.4   8.7   01:23   5.3   08:05  10.9   0.0  13.8   6.0  26.6   00:57   SSE
25   6.7   9.0   13:03   5.4   07:33  11.6   0.0   3.9   7.1  32.0   13:17   SSE
26   6.3   8.1   12:44   5.4   02:14  12.0   0.0   6.3   4.8  20.6   23:37     S
27   5.1   7.5   14:33   2.2   22:13  13.2   0.0  11.4   1.9  22.1   01:21   SSE
28   3.2   7.8   14:12  -0.1   06:46  15.1   0.0   0.3   0.1  14.5   11:54   WSW
----------------------------------------------------------------------------------
     5.4  10.1    23    -0.1    28   362.2   0.0 215.1   5.0  55.5    12       S

Max >=  27.0:  0
Max <=   0.0:  0
Min <=   0.0:  1
Min <= -18.0:  0
Max Rain: 22.5 on day 12
Days of Rain: 26 (>= 0.2 mm)  21 (>= 2.0 mm)  3 (>= 20.0 mm)
Heat Base: 18.3  Cool Base: 18.3  Method: Integration
Update : 09/01/2019 01:15:03
Powered by Cumulus :v3.0.0 (3043)