pic 9

Clifton PWS

sun

Now
Today
Yesterday
This Month
This Year
Monthly records
All Time Records

Archive Charts Gauges NOAA Style reports Shap Weather Station

NOAA Style reports
Select a Year or Month report

Report for 2013 Jul
                   Monthly Climatological Summary for Jul 2013

Name: Clifton Weather Station   City: Clifton   State: Cumbria
Elevation: 159 m  Lat: N 54 37' 51"   Lon: W 002 43' 06"

                  Temperature (C), Rain (mm), Wind Speed (mph)

                                      Heat  Cool        Avg
    Mean                              Deg   Deg         Wind                 Dom
Day Temp  High   Time   Low    Time   Days  Days  Rain  Speed High   Time    Dir
----------------------------------------------------------------------------------
 1  13.9  17.6   15:37  11.3   04:19   4.4   0.0   0.3   3.1  17.4   15:37    SW
 2  13.4  15.8   12:05  11.3   03:23   4.9   0.0   2.1   3.4  24.4   13:01   SSE
 3  16.2  18.9   18:19  13.7   00:02   2.1   0.0   0.0   2.0  13.0   11:07   WSW
 4  16.8  20.4   15:39  14.2   05:00   1.7   0.3   0.0   3.3  20.6   10:55   SSW
 5  17.1  22.5   14:48  11.3   05:37   2.3   1.1   0.0   1.3  12.1   15:00   SSW
 6  18.0  24.0   13:11  10.7   04:47   2.4   2.0   0.0   2.0  20.6   14:33     S
 7  18.5  24.2   14:31  11.0   04:28   1.9   2.2   0.0   0.9   8.3   12:56    NW
 8  21.3  28.0   16:19  13.8   05:10   1.0   4.0   0.0   0.2   8.3   13:59    SE
 9  21.2  27.2   17:45  14.0   05:08   0.9   3.8   0.0   1.2  13.0   14:50   WNW
10  20.4  24.7   13:56  14.7   23:56   0.5   2.5   0.0   0.8   8.3   04:24   ESE
11  18.6  26.0   17:33  10.9   05:12   2.2   2.4   0.0   0.9  13.0   16:03   WNW
12  21.3  27.4   17:29  14.8   04:31   0.8   3.8   0.0   1.0  13.6   15:31   WNW
13  21.0  26.4   16:07  15.8   05:34   0.5   3.2   0.0   1.4  13.6   14:12   WNW
14  18.4  23.8   15:57  12.8   05:23   1.6   1.7   0.0   1.0  13.0   19:12   WSW
15  16.7  22.7   13:36   9.9   04:46   2.7   1.2   0.0   1.3  15.9   16:32     W
16  19.4  25.3   12:40  13.9   01:41   1.2   2.3   0.0   1.0  12.1   15:21    NW
17  19.3  25.1   15:41  12.2   05:03   1.5   2.5   0.0   1.2   9.8   14:55     W
18  21.0  28.2   17:06  12.8   05:17   1.4   4.1   0.0   1.2  11.4   16:35   WNW
19  22.2  28.6   14:07  16.1   05:11   0.3   4.2   0.0   0.7   8.3   18:11     E
20  19.8  25.1   15:26  15.1   05:15   0.9   2.4   0.0   1.0  10.7   15:22   ESE
21  19.0  24.0   17:02  15.0   04:58   1.0   1.7   0.0   1.5  11.4   09:51     E
22  21.1  28.5   16:10  15.9   04:38   0.6   3.5   0.0   1.3  12.1   09:59   ESE
23  20.3  26.4   15:42  17.3   08:52   0.2   2.2  19.2   1.2  12.1   11:07    SE
24  20.0  25.7   15:58  14.6   05:26   0.7   2.4   0.0   0.9  10.7   16:46   SSW
25  19.7  25.3   15:53  16.2   23:54   0.5   1.9  12.0   1.4  14.5   16:34   SSE
26  19.1  24.6   14:22  14.8   05:14   1.2   1.9   0.0   2.4  16.8   13:53     S
27  18.5  25.6   15:13  11.9   03:59   1.9   2.1   3.0   0.4  10.7   16:34   ESE
28  17.5  22.1   17:59  13.8   08:22   1.6   0.8  36.3   2.8  20.6   15:52   SSW
29  18.2  22.3   14:07  15.4   04:25   1.2   1.1   8.4   3.0  19.7   14:03     S
30  16.9  21.7   16:45  13.6   22:43   2.0   0.7   7.2   2.4  17.4   17:29     S
31  16.3  22.1   14:02  12.3   02:29   2.5   0.5  15.3   0.9  15.2   23:53   SSE
----------------------------------------------------------------------------------
    18.7  28.6    19     9.9    15    48.6  62.5 103.8   1.5  24.4     2     SSW

Max >=  27.0:  6
Max <=   0.0:  0
Min <=   0.0:  0
Min <= -18.0:  0
Max Rain: 36.3 on day 28
Days of Rain: 9 (>= 0.2 mm)  8 (>= 2.0 mm)  1 (>= 20.0 mm)
Heat Base: 18.3  Cool Base: 18.3  Method: Integration
Update : 09/01/2019 01:15:03
Powered by Cumulus :v3.0.0 (3043)