pic 9

Clifton PWS

sun

Now
Today
Yesterday
This Month
This Year
Monthly records
All Time Records

Archive Charts Gauges NOAA Style reports Shap Weather Station

NOAA Style reports
Select a Year or Month report

Report for 2013 Jan
                   Monthly Climatological Summary for Jan 2013

Name: Clifton Weather Station   City: Clifton   State: Cumbria
Elevation: 159 m  Lat: N 54 37' 51"   Lon: W 002 43' 06"

                  Temperature (C), Rain (mm), Wind Speed (mph)

                                      Heat  Cool        Avg
    Mean                              Deg   Deg         Wind                 Dom
Day Temp  High   Time   Low    Time   Days  Days  Rain  Speed High   Time    Dir
----------------------------------------------------------------------------------
 1   4.9   6.8   17:50   3.2   04:31  13.4   0.0   0.6   4.6  21.3   10:28   WSW
 2   7.6  11.1   22:06   4.6   06:42  10.7   0.0   2.4   2.0  19.7   22:35   SSW
 3  10.9  11.6   12:40   9.2   21:09   7.4   0.0   0.0   4.3  21.3   01:31    SW
 4   9.5  10.6   00:36   7.2   22:28   8.8   0.0   0.0   2.4  18.3   00:26    SW
 5   8.8  10.7   21:09   6.7   06:29   9.5   0.0   0.3   2.7  26.6   16:14     S
 6   6.7   9.5   14:14   3.5   07:06  11.6   0.0   0.3   0.9  15.9   14:05    SE
 7   8.8  10.6   23:40   7.2   08:32   9.5   0.0   1.5   3.8  25.1   19:39   SSE
 8   9.4  11.5   13:23   4.7   22:44   8.9   0.0   0.0   3.2  21.3   02:35     S
 9   2.4   6.2   14:13   0.2   09:15  15.9   0.0   0.3   0.3   7.6   14:00   NNW
10   1.5   4.1   13:47  -1.0   23:35  16.8   0.0   0.0   0.7   9.2   17:45   SSW
11   1.8   5.0   13:29  -1.3   01:20  16.5   0.0   0.3   0.3   7.6   18:16    SE
12   2.1   5.0   12:46  -1.8   23:55  16.3   0.0   0.0   0.8  12.1   06:15   ENE
13  -0.3   1.4   12:59  -2.6   02:15  18.7   0.0   0.0   0.1   4.5   11:18   SSW
14   1.2   3.1   12:42   0.1   23:45  17.2   0.0   3.9   1.9  15.9   21:38   WNW
15  -0.4   1.8   14:20  -4.0   23:46  18.8   0.0   0.0   0.6   6.9   01:20     W
16  -1.9   0.8   12:34  -4.7   02:36  20.2   0.0   0.0   0.2   9.2   12:38     E
17   0.1   2.0   12:29  -1.5   00:25  18.2   0.0   0.3   1.4  15.9   22:34   ENE
18  -0.3   0.4   00:00  -1.1   20:47  18.7   0.0   0.0   2.9  19.7   19:31   ENE
19   0.5   1.9   13:43  -0.6   00:00  17.8   0.0   0.0   0.7   9.8   00:25     E
20   0.9   1.5   13:05   0.1   00:00  17.4   0.0   0.0   1.6  15.2   10:55    NE
21   0.8   2.1   14:14  -0.7   20:55  17.6   0.0   0.3   1.5  19.7   17:33   ENE
22   0.0   1.9   12:18  -1.7   17:59  18.4   0.0   0.0   0.9  10.7   01:15     E
23   0.4   2.5   12:51  -1.2   05:30  18.0   0.0   0.3   0.1   5.4   13:54   ESE
24   0.7   3.1   13:22  -1.2   19:04  17.7   0.0   0.6   0.9  15.9   21:25    SE
25   0.2   1.3   14:39  -1.5   04:20  18.2   0.0   0.3   2.2  15.9   15:08   ESE
26   3.2   5.3   13:15   0.5   00:15  15.2   0.0  20.1   2.9  20.6   20:02     S
27   5.2   8.1   03:15   2.7   22:47  13.2   0.0  14.4   8.5  31.1   10:11   SSW
28   5.5   8.4   19:00   3.0   00:00  12.8   0.0  10.8   9.5  36.5   21:17     S
29   8.4  11.4   17:39   6.8   07:32   9.9   0.0   6.6   9.0  38.0   15:55     S
30   6.4   7.8   00:00   5.4   21:09  12.0   0.0   5.1   9.6  39.6   07:54    SW
31   6.5   7.8   10:54   4.6   04:00  11.8   0.0   6.3  10.0  47.9   09:23    SW
----------------------------------------------------------------------------------
     3.6  11.6     3    -4.7    16   457.1   0.0  74.7   2.9  47.9    31     SSW

Max >=  27.0:  0
Max <=   0.0:  0
Min <=   0.0: 14
Min <= -18.0:  0
Max Rain: 20.1 on day 26
Days of Rain: 19 (>= 0.2 mm)  8 (>= 2.0 mm)  1 (>= 20.0 mm)
Heat Base: 18.3  Cool Base: 18.3  Method: Integration
Update : 09/01/2019 01:15:03
Powered by Cumulus :v3.0.0 (3043)