pic 9

Clifton PWS

sun

Now
Today
Yesterday
This Month
This Year
Monthly records
All Time Records

Archive Charts Gauges NOAA Style reports Shap Weather Station

NOAA Style reports
Select a Year or Month report

Report for 2012 Oct
                   Monthly Climatological Summary for Oct 2012

Name: Clifton Weather Station   City: Clifton   State: Cumbria
Elevation: 159 m  Lat: N 54 37' 51"   Lon: W 002 43' 06"

                  Temperature (C), Rain (mm), Wind Speed (mph)

                                      Heat  Cool        Avg
    Mean                              Deg   Deg         Wind                 Dom
Day Temp  High   Time   Low    Time   Days  Days  Rain  Speed High   Time    Dir
----------------------------------------------------------------------------------
 1  11.6  15.0   15:04   8.9   22:14   6.7   0.0   7.5   3.0  20.6   14:38     S
 2  10.5  14.4   15:45   8.2   01:27   7.9   0.0  14.4   2.8  23.5   14:34   SSE
 3   8.5  11.2   16:55   5.0   23:47   9.8   0.0  11.4   1.3  13.6   11:14   SSW
 4   7.1  13.6   16:18   2.2   05:37  11.2   0.0   3.3   1.3  17.4   21:36     S
 5   8.8  12.6   15:06   6.4   07:52   9.5   0.0  12.0   1.2  15.2   13:10   WSW
 6   8.2  13.1   16:55   3.5   05:51  10.2   0.0   0.0   0.6   9.8   13:06   WNW
 7   5.1  11.0   16:27   0.5   07:38  13.2   0.0   0.0   0.2   5.4   15:00    NE
 8   6.0  12.4   15:33   2.0   04:01  12.3   0.0   0.0   0.6   7.6   17:13   WNW
 9   5.0  11.2   15:14   0.6   07:29  13.3   0.0   0.0   0.4   6.9   13:10     S
10   6.6  12.1   13:38   0.9   07:30  11.8   0.0   0.3   0.6  10.7   15:05   ESE
11   9.9  12.7   11:42   7.7   06:59   8.4   0.0   8.1   0.9  12.1   11:53     E
12   8.9  10.8   00:51   5.0   23:46   9.4   0.0  19.8   3.1  22.1   13:26   WSW
13   5.7  11.7   13:57   1.3   07:08  12.6   0.0   0.6   0.8  13.6   13:02   WSW
14   6.2  11.4   14:01   1.5   07:32  12.1   0.0   0.6   0.4   7.6   13:45   WNW
15   6.1   9.7   13:17   4.0   08:16  12.2   0.0   1.2   0.3   5.4   13:21    NW
16   5.8   8.1   09:36   2.5   22:46  12.5   0.0  12.6   1.6  18.3   10:39     W
17   7.6  12.3   14:56   2.5   00:01  10.7   0.0  10.5   1.8  19.0   14:56    SE
18   9.8  13.5   14:57   6.8   08:04   8.5   0.0   0.3   1.2  13.6   14:46    SE
19   9.6  14.9   15:38   6.3   04:31   8.7   0.0   0.0   0.4   7.6   12:49   SSE
20   9.9  14.0   15:29   6.7   02:16   8.5   0.0   0.9   0.9   9.8   09:33     S
21   7.8  14.1   14:44   3.1   07:36  10.5   0.0   0.0   0.2   6.9   14:20     E
22   8.4  11.5   16:19   3.7   03:56   9.9   0.0   0.0   0.4   4.5   14:28    SW
23  11.7  14.2   15:09   9.8   07:03   6.7   0.0   0.6   0.0   3.8   09:39    SW
24  11.9  14.3   11:23  10.3   23:50   6.5   0.0   0.0   0.1   8.3   15:43     S
25   8.5  11.2   12:15   5.7   23:50   9.8   0.0   0.3   0.4   8.3   18:44   NNW
26   2.8   5.7   00:00  -0.4   23:30  15.6   0.0   0.0   1.7  14.5   15:15   WNW
27   2.7   6.4   16:09  -0.5   08:00  15.7   0.0   0.0   2.0  13.0   14:25     W
28   7.3   9.5   12:31   3.9   00:00  11.1   0.0   4.8   1.5  15.2   09:21   SSW
29   6.5   8.5   13:17   3.2   23:55  11.8   0.0   0.3   0.6   8.3   12:25   WNW
30   6.2   9.1   14:44   1.8   02:05  12.1   0.0   1.8   2.3  19.0   21:49     S
31   7.3   8.8   13:08   5.1   23:01  11.1   0.0   9.0   4.2  25.1   13:31   SSE
----------------------------------------------------------------------------------
     7.7  15.0     1    -0.5    27   330.3   0.0 120.3   1.2  25.1    31     SSW

Max >=  27.0:  0
Max <=   0.0:  0
Min <=   0.0:  2
Min <= -18.0:  0
Max Rain: 19.8 on day 12
Days of Rain: 21 (>= 0.2 mm)  11 (>= 2.0 mm)  0 (>= 20.0 mm)
Heat Base: 18.3  Cool Base: 18.3  Method: Integration
Update : 09/01/2019 01:15:03
Powered by Cumulus :v3.0.0 (3043)