pic 9

Clifton PWS

sun

Now
Today
Yesterday
This Month
This Year
Monthly records
All Time Records

Archive Charts Gauges NOAA Style reports Shap Weather Station

NOAA Style reports
Select a Year or Month report

Report for 2012 Feb
                   Monthly Climatological Summary for Feb 2012

Name: Clifton Weather Station   City: Clifton   State: Cumbria
Elevation: 159 m  Lat: N 54 37' 51"   Lon: W 002 43' 06"

                  Temperature (C), Rain (mm), Wind Speed (mph)

                                      Heat  Cool        Avg
    Mean                              Deg   Deg         Wind                 Dom
Day Temp  High   Time   Low    Time   Days  Days  Rain  Speed High   Time    Dir
----------------------------------------------------------------------------------
 1  -0.5   3.0   15:21  -4.1   23:44  18.8   0.0   0.0   0.6  11.4   11:38     E
 2  -3.5   1.3   14:27  -6.2   07:05  21.9   0.0   0.0   0.4   3.8   11:51   SSW
 3  -3.0   2.2   14:03  -7.5   07:33  21.3   0.0   0.0   0.7   9.8   15:17     S
 4  -0.4   1.5   19:06  -3.4   02:53  18.8   0.0   0.3   1.5  14.5   17:37   ESE
 5   1.2   4.5   15:03  -2.0   08:04  17.3   0.0   0.3   0.1   3.8   10:39    NE
 6   1.9   4.0   13:22  -2.5   23:40  16.5   0.0   0.6   0.3   4.5   10:37   WSW
 7  -1.1   4.8   14:27  -4.8   06:35  19.4   0.0   0.3   0.4   9.8   21:58   ESE
 8  -1.9   0.8   14:51  -4.9   08:11  20.2   0.0   0.0   2.0  19.7   14:07   ESE
 9   0.4   1.8   22:45  -2.6   00:00  18.0   0.0   2.7   0.3   7.6   23:15     E
10   1.5   2.8   14:02   0.7   06:35  16.9   0.0   0.0   1.3  11.4   14:40     E
11   1.6   3.0   13:12   0.4   05:36  16.8   0.0   0.0   0.2   6.0   11:24     E
12   3.1   5.0   11:03   1.5   23:55  15.2   0.0   0.6   0.1   3.8   12:13     N
13   5.7   8.6   14:07   1.1   00:25  12.7   0.0   0.0   3.5  20.6   09:39     W
14   5.3   8.1   15:35   1.9   05:55  13.0   0.0   0.0   2.9  18.3   18:00   WNW
15   7.2  10.1   14:17   4.8   06:37  11.1   0.0   0.0   4.6  21.3   10:27   WNW
16   7.3   9.9   14:15   4.2   03:59  11.0   0.0   0.0   4.4  23.5   11:18    SW
17   7.5   9.9   21:11   4.1   06:25  10.9   0.0   0.6   4.2  23.5   22:24    SW
18   5.2   9.3   01:20   1.1   23:35  13.1   0.0   5.1   7.6  33.6   15:20    SW
19   1.9   5.1   14:42  -1.9   05:55  16.5   0.0   0.0   3.1  15.2   00:00     W
20   6.2   8.3   13:17   1.4   01:50  12.1   0.0   2.4   6.1  24.4   17:02   SSW
21   9.1  11.4   11:54   7.4   03:58   9.2   0.0   0.3   5.2  23.5   21:29     S
22  10.6  12.3   16:13   9.0   05:49   7.7   0.0   4.2   9.6  39.6   10:49   SSW
23  11.9  13.9   11:49  10.1   00:59   6.4   0.0   0.0   5.4  26.6   15:34   SSW
24   8.9  11.6   00:03   5.8   21:32   9.4   0.0   1.8   4.6  21.3   11:18   WSW
25   6.8   8.1   11:18   5.7   06:33  11.4   0.0   0.0   4.1  19.7   15:43    SW
26   8.0   9.8   10:26   7.0   07:45  10.4   0.0   0.3   2.6  15.9   15:54   SSW
27  10.1  11.7   22:44   8.3   00:03   8.2   0.0   0.3   4.0  16.8   04:58   SSW
28  12.0  15.3   13:46   9.8   23:14   6.3   0.0   0.0   1.9  16.8   02:09    SW
29   9.6  12.5   15:13   7.9   23:44   8.7   0.0   0.0   2.7  19.7   15:45     S
----------------------------------------------------------------------------------
     4.6  15.3    28    -7.5     3   399.2   0.0  19.8   2.9  39.6    22      SW

Max >=  27.0:  0
Max <=   0.0:  0
Min <=   0.0: 10
Min <= -18.0:  0
Max Rain: 5.1 on day 18
Days of Rain: 14 (>= 0.2 mm)  4 (>= 2.0 mm)  0 (>= 20.0 mm)
Heat Base: 18.3  Cool Base: 18.3  Method: Integration
Update : 09/01/2019 01:15:03
Powered by Cumulus :v3.0.0 (3043)