pic 9

Clifton PWS

sun

Now
Today
Yesterday
This Month
This Year
Monthly records
All Time Records

Archive Charts Gauges NOAA Style reports Shap Weather Station

NOAA Style reports
Select a Year or Month report
V/Λ2019 > Jan Feb Mar Apr May Jun Jul Aug Sep Oct Nov Dec
V/Λ2018 > Jan Feb Mar Apr May Jun Jul Aug Sep Oct Nov Dec
V/Λ2017 > Jan Feb Mar Apr May Jun Jul Aug Sep Oct Nov Dec
V/Λ2016 > Jan Feb Mar Apr May Jun Jul Aug Sep Oct Nov Dec
V/Λ2015 > Jan Feb Mar Apr May Jun Jul Aug Sep Oct Nov Dec
V/Λ2014 > Jan Feb Mar Apr May Jun Jul Aug Sep Oct Nov Dec
V/Λ2013 > Jan Feb Mar Apr May Jun Jul Aug Sep Oct Nov Dec
V/Λ2012 > Jan Feb Mar Apr May Jun Jul Aug Sep Oct Nov Dec
V/Λ2011 > Jan Feb Mar Apr May Jun Jul Aug Sep Oct Nov Dec
V/Λ2010 > Jan Feb Mar Apr May Jun Jul Aug Sep Oct Nov Dec
V/Λ2009 > Jan Feb Mar Apr May Jun Jul Aug Sep Oct Nov Dec

Report for 2012
                   Annual Climatological Summary for 2012

Name: Clifton Weather Station   City: Clifton   State: Cumbria
Elevation: 159 m  Lat: N 54 37' 51"   Lon: W 002 43' 06"

                  Temperature (C), Heat Base: 18.3  Cool Base: 18.3
                          Dep.  Heat  Cool                       Max  Max  Min  Min
        Mean  Mean        From  Deg   Deg                        >=   <=   <=   <=
 YR MO  Max   Min   Mean  Norm  Days  Days  Hi  Date  Low  Date 27.0  0.0  0.0 -18.0
------------------------------------------------------------------------------------
 12  1   7.0   1.8   4.3   0.0   432     0  11.2   3  -4.2   14    0    0   10    0
 12  2   7.3   1.8   4.6   0.0   399     0  15.3  28  -7.5    3    0    0   10    0
 12  3  13.2   3.9   8.3   0.0   309     0  20.7  27  -2.2    6    0    0    3    0
 12  4  11.2   3.5   7.1   0.0   335     0  16.5  30  -1.8    5    0    0    3    0
 12  5  17.0   6.4  11.5   0.0   227    17  28.4  24  -0.4    5    2    0    1    0
 12  6  17.9   9.6  13.5   0.0   147     2  23.8  27   4.2    5    0    0    0    0
 12  7  19.9  11.8  15.5   0.0    98    10  25.6   5   6.8   31    0    0    0    0
 12  8  20.5  11.6  15.8   0.0    92    16  24.1  10   3.4   31    0    0    0    0
 12  9  16.4   8.7  12.4   0.0   181     3  23.1   3   0.9   22    0    0    0    0
 12 10  11.6   4.1   7.7   0.0   330     0  15.0   1  -0.5   27    0    0    2    0
 12 11   7.9   3.3   5.6   0.0   380     0  12.9  20  -4.4   30    0    1    6    0
 12 12   6.0   1.3   3.8   0.0   450     0  11.2  23  -5.5    2    0    0    9    0
------------------------------------------------------------------------------------
        13.0   5.7   9.2   0.0  3385    50  28.4 May  -7.5  Feb    2    1   44    0

                                Precipitation (mm)

              Dep.   Max        Days of Rain
              From   Obs.           >=
 YR MO Total  Norm   Day Date  0.2  2.0 20.0
---------------------------------------------
 12  1 101.7   0.0  15.3   3    21   12    0
 12  2  19.8   0.0   5.1  18    14    4    0
 12  3  19.2   0.0   6.9   4    12    4    0
 12  4  72.0   0.0  16.5  26    19    9    0
 12  5  86.7   0.0  34.2  10    14    9    1
 12  6 148.8   0.0  34.8  22    20   13    2
 12  7 100.2   0.0  18.3  10    24   15    0
 12  8 116.1   0.0  20.1  30    21   12    1
 12  9 108.3   0.0  40.2  24    20   12    1
 12 10 120.3   0.0  19.8  12    21   11    0
 12 11 130.4   0.0  21.9  26    25   18    1
 12 12 178.2   0.0  30.9  20    26   19    1
---------------------------------------------
      1201.7   0.0  40.2  Sep  237  138    7

                                Wind Speed (mph)
                          Dom
 YR MO   Avg.  Hi   Date  Dir
------------------------------
 12  1   3.7  51.7    4    SW
 12  2   2.9  39.6   22    SW
 12  3   2.1  29.8   19   SSW
 12  4   2.1  25.1   17   WNW
 12  5   1.5  33.6   13   WSW
 12  6   1.9  30.4   29     S
 12  7   1.8  31.1   23   SSW
 12  8   1.8  26.6   15   SSE
 12  9   2.3  30.4   13    SW
 12 10   1.2  25.1   31   SSW
 12 11   2.7  37.4   22     S
 12 12   2.9  41.2   23   SSW
------------------------------
         2.2  51.7  Jan   SSW
Update : 09/01/2019 01:15:03
Powered by Cumulus :v3.0.0 (3043)