pic 9

Clifton PWS

sun

Now
Today
Yesterday
This Month
This Year
Monthly records
All Time Records

Archive Charts Gauges NOAA Style reports Shap Weather Station

NOAA Style reports
Select a Year or Month report

Report for 2011 Oct
                   Monthly Climatological Summary for Oct 2011

Name: Clifton Weather Station   City: Clifton   State: Cumbria
Elevation: 159 m  Lat: N 54 37' 51"   Lon: W 002 43' 06"

                  Temperature (C), Rain (mm), Wind Speed (mph)

                                      Heat  Cool        Avg
    Mean                              Deg   Deg         Wind                 Dom
Day Temp  High   Time   Low    Time   Days  Days  Rain  Speed High   Time    Dir
----------------------------------------------------------------------------------
 1  18.4  23.7   13:22  15.4   02:56   1.2   1.3   0.0   0.2   6.9   09:30   SSE
 2  16.7  20.2   17:23  15.4   06:36   1.6   0.0   2.1   1.6  15.9   12:17     S
 3  15.6  19.1   13:50  10.7   23:47   2.8   0.0   0.6   4.0  28.9   13:17   SSW
 4  12.2  13.3   13:47  10.8   00:02   6.2   0.0   0.0   2.7  17.4   17:14   SSW
 5  15.0  18.0   15:19  10.6   23:31   3.3   0.0   3.6   6.3  30.4   09:36    SW
 6   8.4  10.7   00:01   6.6   08:26   9.9   0.0  15.6   4.9  27.3   14:19     W
 7  10.3  13.9   14:16   6.9   01:52   8.0   0.0   0.3   3.3  19.0   10:19   WNW
 8  10.5  13.8   23:40   8.7   06:36   7.8   0.0   8.1   1.1   9.8   01:06   WNW
 9  14.8  15.8   13:05  13.2   00:45   3.5   0.0   9.0   2.6  23.5   08:26    SW
10  13.5  16.0   09:48  11.4   22:41   4.8   0.0   4.2   2.9  18.3   09:08    SW
11  11.4  13.9   12:52   9.4   21:26   6.9   0.0   6.0   1.3  15.9   12:56     W
12  10.5  13.9   14:59   8.1   05:36   7.8   0.0  20.1   0.3   6.9   08:57    NE
13  12.2  15.9   15:18  10.4   04:51   6.1   0.0   0.6   0.3   8.3   15:18    SE
14  13.3  16.1   13:08  11.3   00:21   5.1   0.0   0.0   1.5  14.5   13:24   SSE
15  11.6  16.2   15:56   8.3   07:58   6.7   0.0   0.3   0.9   9.8   05:46   ESE
16  11.4  14.9   17:17  10.1   00:01   6.9   0.0   1.2   2.1  17.4   16:03   SSW
17  10.4  13.5   11:14   5.7   23:31   7.9   0.0  11.4   7.7  47.9   17:09   SSW
18   6.9   9.1   13:01   5.5   03:06  11.5   0.0   5.4   3.8  24.4   13:08   WSW
19   5.8   8.4   16:35   2.5   22:31  12.5   0.0   0.0   2.3  14.5   10:19   WNW
20   5.3   9.8   15:28  -0.2   04:01  13.1   0.0   0.3   1.7  19.0   23:22   SSW
21  11.7  14.1   12:55   8.8   01:17   6.6   0.0   0.3   3.8  27.3   14:40     S
22  10.3  11.9   13:37   8.7   19:59   8.0   0.0   0.3   4.1  25.1   10:55   SSE
23  12.4  14.8   22:07   9.2   00:35   5.9   0.0   3.3   4.0  19.0   00:00   SSE
24  11.8  14.1   14:38  10.8   02:06   6.5   0.0   0.0   3.0  26.6   19:43   ESE
25  11.3  13.7   11:59   8.7   20:50   7.0   0.0   3.0   1.8  16.8   02:41    SE
26   8.8  12.3   14:50   6.0   08:28   9.5   0.0   2.4   1.9  18.3   11:01   SSE
27   8.9  11.7   13:08   6.3   03:51   9.4   0.0   0.3   1.0   9.8   02:06   SSE
28   7.7  12.2   14:39   3.7   08:22  10.3   0.0   0.0   1.4  15.2   18:18     S
29   9.2  11.5   23:21   7.2   00:11   8.8   0.0   4.2   2.8  22.8   13:53   SSE
30  12.5  15.1   12:42  10.6   07:25   5.6   0.0   0.3   2.3  21.3   14:38     S
31  13.9  16.3   12:06  11.9   23:56   4.4   0.0   3.9   3.7  25.9   12:38     S
----------------------------------------------------------------------------------
    11.4  23.7     1    -0.2    20   215.6   1.3 106.8   2.6  47.9    17     SSW

Max >=  27.0:  0
Max <=   0.0:  0
Min <=   0.0:  1
Min <= -18.0:  0
Max Rain: 20.1 on day 12
Days of Rain: 25 (>= 0.2 mm)  15 (>= 2.0 mm)  1 (>= 20.0 mm)
Heat Base: 18.3  Cool Base: 18.3  Method: Integration
Update : 09/01/2019 01:15:03
Powered by Cumulus :v3.0.0 (3043)