pic 9

Clifton PWS

sun

Now
Today
Yesterday
This Month
This Year
Monthly records
All Time Records

Archive Charts Gauges NOAA Style reports Shap Weather Station

NOAA Style reports
Select a Year or Month report

Report for 2011 Aug
                   Monthly Climatological Summary for Aug 2011

Name: Clifton Weather Station   City: Clifton   State: Cumbria
Elevation: 159 m  Lat: N 54 37' 51"   Lon: W 002 43' 06"

                  Temperature (C), Rain (mm), Wind Speed (mph)

                                      Heat  Cool        Avg
    Mean                              Deg   Deg         Wind                 Dom
Day Temp  High   Time   Low    Time   Days  Days  Rain  Speed High   Time    Dir
----------------------------------------------------------------------------------
 1  18.6  21.1   18:28  16.1   23:45   0.5   0.8   6.6   1.0  13.6   10:15   SSE
 2  17.7  21.9   13:59  13.4   23:50   1.4   0.8   4.8   0.4   9.2   16:00   SSW
 3  17.6  24.4   17:50  11.0   05:25   2.4   1.6   0.3   1.0  13.0   15:40   SSW
 4  16.8  21.9   18:40  12.2   05:05   2.1   0.5   7.5   1.0  12.1   19:53   SSW
 5  16.4  19.6   16:26  10.9   23:55   2.1   0.2   0.3   2.1  15.9   15:05   WSW
 6  11.7  14.0   09:55   8.9   05:35   6.7   0.0  12.0   0.4   5.4   23:00    SW
 7  13.8  19.0   17:27  10.8   01:05   4.5   0.0   1.2   1.8  19.0   13:10     W
 8  14.5  18.6   15:56  10.9   03:19   3.8   0.0   0.0   3.0  25.1   16:28   WNW
 9  13.3  18.4   16:52   7.7   06:26   5.0   0.0   0.0   2.3  16.8   17:18     W
10  14.7  17.3   11:56  11.5   04:44   3.6   0.0  16.8   4.0  26.6   11:50   SSW
11  16.3  18.7   11:07  13.6   23:39   2.0   0.0  12.0   0.7   9.8   00:49   SSW
12  15.3  18.5   17:06  12.7   05:09   3.0   0.0   3.3   0.9   9.8   14:22   ESE
13  16.5  20.7   15:57  14.6   05:59   1.9   0.2   0.3   2.5  18.3   14:31     S
14  15.5  18.9   15:13  11.4   23:46   2.9   0.0   2.1   1.1  16.8   15:15   WSW
15  14.1  19.1   17:44  10.4   05:26   4.2   0.0   2.1   1.7  18.3   13:32   SSW
16  14.3  19.2   15:05  10.2   23:56   4.1   0.0   6.0   1.7  19.7   14:58    SW
17  13.0  18.3   15:13   7.7   05:56   5.3   0.0   0.0   0.8  10.7   11:47   WNW
18  13.1  19.6   13:38   6.9   06:01   5.3   0.1   0.0   0.5  12.1   12:52     S
19  13.1  18.4   13:45   7.4   06:01   5.2   0.0   0.3   2.4  27.3   17:06     S
20  15.4  20.9   15:31  12.0   03:59   3.1   0.2   3.0   2.9  19.0   14:27     S
21  16.3  20.3   15:21  12.9   06:26   2.2   0.2   1.2   2.5  15.9   00:53   SSW
22  14.2  19.8   15:39   9.3   05:31   4.2   0.1   0.0   0.4   7.6   12:21   WNW
23  15.5  21.0   15:32  11.4   01:01   3.1   0.3   0.0   0.6   9.2   10:18   ESE
24  13.8  18.5   18:40   9.3   23:46   4.6   0.0   0.9   1.2  14.5   10:53     S
25  13.4  19.4   16:58   8.6   00:36   5.0   0.0   0.3   0.7  14.5   15:21     S
26  12.7  17.1   13:20   7.9   06:21   5.6   0.0   0.3   0.1   4.5   00:26     W
27  13.2  17.7   14:42  10.5   07:31   5.1   0.0   7.5   0.6  10.7   10:52   WNW
28  11.9  15.9   12:09   9.3   03:36   6.4   0.0   0.0   2.7  19.7   12:57     W
29  12.0  15.2   13:15   9.1   05:26   6.3   0.0   0.6   2.8  15.9   13:42   WNW
30  12.6  15.0   11:54   9.4   23:55   5.7   0.0   0.9   1.2  13.6   11:58   WNW
31  12.8  17.6   13:29   8.7   00:35   5.5   0.0   0.0   0.2   3.8   13:09   WNW
----------------------------------------------------------------------------------
    14.5  24.4     3     6.9    18   122.8   5.0  90.3   1.4  27.3    19      SW

Max >=  27.0:  0
Max <=   0.0:  0
Min <=   0.0:  0
Min <= -18.0:  0
Max Rain: 16.8 on day 10
Days of Rain: 23 (>= 0.2 mm)  12 (>= 2.0 mm)  0 (>= 20.0 mm)
Heat Base: 18.3  Cool Base: 18.3  Method: Integration
Update : 09/01/2019 01:15:03
Powered by Cumulus :v3.0.0 (3043)