pic 9

Clifton PWS

sun

Now
Today
Yesterday
This Month
This Year
Monthly records
All Time Records

Archive Charts Gauges NOAA Style reports Shap Weather Station

NOAA Style reports
Select a Year or Month report

Report for 2011 Feb
                   Monthly Climatological Summary for Feb 2011

Name: Clifton Weather Station   City: Clifton   State: Cumbria
Elevation: 159 m  Lat: N 54 37' 51"   Lon: W 002 43' 06"

                  Temperature (C), Rain (mm), Wind Speed (mph)

                                      Heat  Cool        Avg
    Mean                              Deg   Deg         Wind                 Dom
Day Temp  High   Time   Low    Time   Days  Days  Rain  Speed High   Time    Dir
----------------------------------------------------------------------------------
 1   6.8  10.3   13:29   1.5   23:50  11.5   0.0   3.6   1.9  13.0   06:58   WSW
 2   7.7  10.2   16:00   1.9   00:00  10.6   0.0   5.7   4.9  22.8   20:16   WSW
 3   5.8   9.0   20:48   2.9   04:50  12.5   0.0  26.1   4.2  44.1   20:03     W
 4   8.8  11.6   13:06   4.4   06:29   9.5   0.0  14.4   8.5  33.6   13:29    SW
 5   6.9  10.8   00:00   5.4   22:33  11.4   0.0  10.8   0.9  15.2   00:00     W
 6   6.7  10.8   13:08   5.3   22:20  11.6   0.0  10.2   1.7  25.9   14:00    SW
 7   6.3   9.3   09:30   2.3   20:34  12.0   0.0  16.2   0.3  31.1   07:12   NNE
 8   2.7   7.4   13:40  -0.5   04:30  15.6   0.0   0.3   0.3   6.9   00:40   WNW
 9   7.2   9.5   14:09   3.7   01:09  11.1   0.0   3.0   1.7  15.2   18:20   WSW
10   6.6  14.0   15:59   1.3   23:49  11.7   0.0   2.7   0.3   6.9   10:59     W
11   5.0   7.2   12:13   1.3   00:19  13.3   0.0   3.6   0.0   6.9   18:33   ---
12   5.7  11.3   13:05   1.6   21:19  12.6   0.0   0.6   0.2   9.8   14:57   SSE
13   5.9   8.0   14:14   3.7   00:29  12.4   0.0   4.8   1.2  13.0   14:10   WSW
14   3.9   7.9   14:00  -0.2   23:29  14.4   0.0   3.6   0.7   9.8   14:10   WSW
15   2.6   5.2   14:39  -1.2   03:19  15.7   0.0   9.6   0.0  17.4   15:39   ---
16   4.6  12.0   15:09   0.8   21:18  13.7   0.0   2.4   0.0   8.3   11:29    NE
17   4.2   8.1   14:20   0.7   07:05  14.1   0.0   0.0   0.1   3.8   08:20    NW
18   3.6   5.1   11:59   1.9   23:50  14.7   0.0   0.0   0.8   9.2   21:19   NNW
19   2.0   3.4   13:06   0.5   05:10  16.3   0.0   4.8   0.4   6.0   04:00   NNW
20   2.9   4.1   14:21   2.2   23:59  15.4   0.0   0.0   0.5   9.2   07:17    NW
21   2.3   3.4   14:06   1.5   07:28  16.0   0.0   1.2   0.4   6.9   07:30   NNW
22   5.1   8.5   13:59   1.8   06:55  13.2   0.0   0.0   0.2   7.6   15:09    SW
23   8.5  11.6   13:24   5.1   23:29   9.8   0.0   1.5   0.3  12.1   13:02   WSW
24   9.4  15.4   14:09   5.6   01:09   8.9   0.0   0.0   1.5  15.2   18:42   SSW
25  10.3  13.7   12:18   8.1   22:29   8.0   0.0   0.3   2.0  27.3   04:00   WSW
26   6.7  10.4   14:42   3.0   23:49  11.6   0.0   8.1   1.5  15.9   11:28    NW
27   4.5   9.7   15:17   1.4   23:59  13.8   0.0   0.3   1.2  13.6   11:04   NNE
28   3.3   8.4   16:29  -1.3   23:29  15.0   0.0   0.0   0.0   4.5   09:39   ---
----------------------------------------------------------------------------------
     5.6  15.4    24    -1.3    28   356.4   0.0 133.8   1.3  44.1     3     WSW

Max >=  27.0:  0
Max <=   0.0:  0
Min <=   0.0:  4
Min <= -18.0:  0
Max Rain: 26.1 on day 3
Days of Rain: 22 (>= 0.2 mm)  16 (>= 2.0 mm)  1 (>= 20.0 mm)
Heat Base: 18.3  Cool Base: 18.3  Method: Integration
Update : 09/01/2019 01:15:03
Powered by Cumulus :v3.0.0 (3043)