pic 9

Clifton PWS

sun

Now
Today
Yesterday
This Month
This Year
Monthly records
All Time Records

Archive Charts Gauges NOAA Style reports Shap Weather Station

NOAA Style reports
Select a Year or Month report
V/Λ2019 > Jan Feb Mar Apr May Jun Jul Aug Sep Oct Nov Dec
V/Λ2018 > Jan Feb Mar Apr May Jun Jul Aug Sep Oct Nov Dec
V/Λ2017 > Jan Feb Mar Apr May Jun Jul Aug Sep Oct Nov Dec
V/Λ2016 > Jan Feb Mar Apr May Jun Jul Aug Sep Oct Nov Dec
V/Λ2015 > Jan Feb Mar Apr May Jun Jul Aug Sep Oct Nov Dec
V/Λ2014 > Jan Feb Mar Apr May Jun Jul Aug Sep Oct Nov Dec
V/Λ2013 > Jan Feb Mar Apr May Jun Jul Aug Sep Oct Nov Dec
V/Λ2012 > Jan Feb Mar Apr May Jun Jul Aug Sep Oct Nov Dec
V/Λ2011 > Jan Feb Mar Apr May Jun Jul Aug Sep Oct Nov Dec
V/Λ2010 > Jan Feb Mar Apr May Jun Jul Aug Sep Oct Nov Dec
V/Λ2009 > Jan Feb Mar Apr May Jun Jul Aug Sep Oct Nov Dec

Report for 2011
                   Annual Climatological Summary for 2011

Name: Clifton Weather Station   City: Clifton   State: Cumbria
Elevation: 159 m  Lat: N 54 37' 51"   Lon: W 002 43' 06"

                  Temperature (C), Heat Base: 18.3  Cool Base: 18.3
                          Dep.  Heat  Cool                       Max  Max  Min  Min
        Mean  Mean        From  Deg   Deg                        >=   <=   <=   <=
 YR MO  Max   Min   Mean  Norm  Days  Days  Hi  Date  Low  Date 27.0  0.0  0.0 -18.0
------------------------------------------------------------------------------------
 11  1   6.4  -0.6   2.7   0.0   484     0  11.4  13  -7.7   20    0    1   17    0
 11  2   9.2   2.3   5.6   0.0   356     0  15.4  24  -1.3   28    0    0    4    0
 11  3  12.1   0.9   6.0   0.0   381     0  17.7  22  -4.4    7    0    0   11    0
 11  4  18.5   5.6  11.8   0.0   193     0  25.7  21   0.0   28    0    0    1    0
 11  5  16.7   7.3  11.7   0.0   204     0  21.6   6   0.0    4    0    0    1    0
 11  6  18.9   9.6  14.0   0.0   133     3  27.7  27   4.2   12    1    0    0    0
 11  7  21.1  10.3  15.5   0.0    89     6  26.8   4   6.1    1    0    0    0    0
 11  8  18.9  10.5  14.5   0.0   122     4  24.4   3   6.9   18    0    0    0    0
 11  9  17.6  10.2  13.7   0.0   142     5  24.1  30   3.5   15    0    0    0    0
 11 10  14.3   8.8  11.4   0.0   215     1  23.7   1  -0.2   20    0    0    1    0
 11 11  11.5   6.0   8.9   0.0   282     0  16.1   3  -2.8    7    0    0    2    0
 11 12   7.6   2.5   5.1   0.0   409     0  12.8  26  -3.3   18    0    0    6    0
------------------------------------------------------------------------------------
        14.4   6.1  10.1   0.0  3016    21  27.7 Jun  -7.7  Jan    1    1   43    0

                                Precipitation (mm)

              Dep.   Max        Days of Rain
              From   Obs.           >=
 YR MO Total  Norm   Day Date  0.2  2.0 20.0
---------------------------------------------
 11  1  82.8   0.0  25.2  15    17   10    1
 11  2 133.8   0.0  26.1   3    22   16    1
 11  3  35.4   0.0  12.0  11     9    6    0
 11  4  32.4   0.0  12.9   2     8    4    0
 11  5 140.1   0.0  31.5   7    24   13    1
 11  6  42.0   0.0   9.6  18    18    6    0
 11  7  58.8   0.0  15.0   6    10    7    0
 11  8  90.3   0.0  16.8  10    23   12    0
 11  9  94.5   0.0  21.9   6    20   11    1
 11 10 106.8   0.0  20.1  12    25   15    1
 11 11  76.2   0.0  12.0  29    24   10    0
 11 12 156.0   0.0  22.5  14    27   18    1
---------------------------------------------
      1049.1   0.0  31.5  May  227  128    6

                                Wind Speed (mph)
                          Dom
 YR MO   Avg.  Hi   Date  Dir
------------------------------
 11  1   0.6  28.9   15     W
 11  2   1.3  44.1    3   WSW
 11  3   1.0  31.1   31   WSW
 11  4   1.1  28.9    5   WSW
 11  5   2.7  45.0   23    SW
 11  6   1.7  26.6   21    SW
 11  7   1.1  25.1   16    SW
 11  8   1.4  27.3   19    SW
 11  9   2.7  44.1   12   SSW
 11 10   2.6  47.9   17   SSW
 11 11   3.1  45.0   24     S
 11 12   4.7  47.2    8    SW
------------------------------
         2.0  47.9  Oct    SW
Update : 09/01/2019 01:15:03
Powered by Cumulus :v3.0.0 (3043)