pic 9

Clifton PWS

sun

Now
Today
Yesterday
This Month
This Year
Monthly records
All Time Records

Archive Charts Gauges NOAA Style reports Shap Weather Station

NOAA Style reports
Select a Year or Month report

Report for 2010
                   Annual Climatological Summary for 2010

Name: Clifton Weather Station   City: Clifton   State: Cumbria
Elevation: 159 m  Lat: N 54 37' 51"   Lon: W 002 43' 06"

                  Temperature (C), Heat Base: 18.3  Cool Base: 18.3
                          Dep.  Heat  Cool                       Max  Max  Min  Min
        Mean  Mean        From  Deg   Deg                        >=   <=   <=   <=
 YR MO  Max   Min   Mean  Norm  Days  Days  Hi  Date  Low  Date 27.0  0.0  0.0 -18.0
------------------------------------------------------------------------------------
 10  1   3.8  -2.6   0.4   0.0   535     0  11.0  18 -13.3    7    0    3   19    0
 10  2   6.2  -2.3   1.2   0.0   477     0  12.5   6  -6.3   11    0    0   23    0
 10  3  10.3   0.7   5.1   0.0   409     0  14.5  18  -6.5    8    0    0   14    0
 10  4  14.9   3.3   8.7   0.0   286     0  22.4  10  -1.8   22    0    0    3    0
 10  5  16.8   4.8  10.7   0.0   239     4  27.8  22  -2.2   12    1    0    5    0
 10  6  22.9   9.3  15.8   0.0    79     4  29.0  17   5.4    3    4    0    0    0
 10  7  20.9  11.8  15.9   0.0    74     0  23.3  23   5.4   23    0    0    0    0
 10  8  20.9   9.6  14.7   0.0   112     0  26.0  15   3.2   31    0    0    0    0
 10  9  19.0   8.6  13.3   0.0   148     0  26.8   3   2.4   26    0    0    0    0
 10 10  14.4   4.7   9.1   0.0   284     0  21.8  10  -4.5   25    0    0    6    0
 10 11   8.1   0.9   4.0   0.0   428     0  14.9   4  -6.3   27    0    0   12    0
 10 12   3.1  -6.3  -2.0   0.0   629     0   9.0  11 -15.9    8    0    3   24    0
------------------------------------------------------------------------------------
        13.4   3.5   8.1   0.0  3707     8  29.0 Jun -15.9  Dec    5    6  106    0

                                Precipitation (mm)

              Dep.   Max        Days of Rain
              From   Obs.           >=
 YR MO Total  Norm   Day Date  0.2  2.0 20.0
---------------------------------------------
 10  1  36.0   0.0  18.6  16    16    4    0
 10  2  41.1   0.0  12.9  26    21    6    0
 10  3  87.6   0.0  25.8  30    15   10    1
 10  4  18.6   0.0   6.6   5    10    3    0
 10  5  27.0   0.0   6.0  26    13    5    0
 10  6  61.2   0.0  11.4   7    11    8    0
 10  7  93.3   0.0  13.2  16    19   16    0
 10  8  39.6   0.0  12.9  23    17    6    0
 10  9  96.3   0.0  13.5  19    18   11    0
 10 10  96.6   0.0  15.6  29    21   12    0
 10 11 118.8   0.0  39.0   4    24   10    2
 10 12  16.5   0.0   7.2  28    11    3    0
---------------------------------------------
       732.6   0.0  39.0  Nov  196   94    3

                                Wind Speed (mph)
                          Dom
 YR MO   Avg.  Hi   Date  Dir
------------------------------
 10  1   0.6  19.0   15   WNW
 10  2   0.3  16.8   23   WNW
 10  3   1.1  22.1   27   WSW
 10  4   1.0  24.4    5   WSW
 10  5   0.6  16.8   30     W
 10  6   0.4  15.9   27   WSW
 10  7   1.0  25.1    4    SW
 10  8   0.5  17.4   20     W
 10  9   0.4  20.6   13   WNW
 10 10   0.6  30.4   29    SW
 10 11   0.7  33.6   11     W
 10 12   0.1  19.7   16   WNW
------------------------------
         0.6  33.6  Nov   WSW
Update : 09/01/2019 01:15:03
Powered by Cumulus :v3.0.0 (3043)