pic 9

Clifton PWS

sun

Now
Today
Yesterday
This Month
This Year
Monthly records
All Time Records

Archive Charts Gauges NOAA Style reports Shap Weather Station

NOAA Style reports
Select a Year or Month report

Report for 2021 Oct
                   Monthly Climatological Summary for Oct 2021

Name: Clifton Weather Station   City: Clifton   State: Cumbria
Elevation: 159 m  Lat: N 54° 37' 49"   Lon: W 002° 43' 05"

                  Temperature (°C), Rain (mm), Wind Speed (mph)

                                      Heat  Cool        Avg
    Mean                              Deg   Deg         Wind                 Dom
Day Temp  High   Time   Low    Time   Days  Days  Rain  Speed High   Time    Dir
----------------------------------------------------------------------------------
01  11.4  14.5   02:09   8.2   23:30   6.9   0.0   9.3   4.8  22.8   07:26    SW
02   9.4  11.3   15:01   7.7   23:47   8.9   0.0  18.6   2.0  19.7   10:14   SSE
03   9.8  13.8   15:19   6.0   02:41   8.5   0.0   9.0   2.6  23.5   14:47    SW
04  10.0  13.6   17:39   7.8   02:44   8.3   0.0   9.3   1.0  10.7   04:33     S
05   8.9  10.0   22:45   8.1   15:04   9.4   0.0  37.2   4.5  28.2   15:09   NNW
06  10.1  14.4   15:33   5.4   08:09   8.2   0.0   0.0   1.7  20.6   00:04    NW
07  15.4  18.7   13:25  11.6   00:00   2.9   0.0   0.0   3.7  24.4   22:16   SSW
08  16.0  19.7   15:03  13.2   23:40   2.4   0.1   0.0   1.2  14.5   00:41   SSW
09  15.0  17.1   13:23  13.1   00:22   3.3   0.0   1.5   0.5   9.2   11:26     S
10  11.5  14.8   15:11   7.4   07:47   6.8   0.0   0.3   2.0  14.5   13:41   WNW
11  12.2  15.5   16:17   9.6   06:48   6.1   0.0   0.0   2.1  13.0   11:00     W
12  13.0  14.9   12:54  11.6   21:47   5.3   0.0   0.6   1.6  13.0   06:18   WNW
13  12.5  14.3   13:10  11.3   01:48   5.8   0.0   0.3   1.9  15.2   16:36     W
14  12.3  13.6   18:52  10.1   05:42   6.0   0.0   2.1   3.1  19.7   16:53   WSW
15   7.2  11.3   15:22   2.8   23:59  11.1   0.0   0.3   0.7  10.7   00:09   WNW
16   8.1  13.3   14:30   1.5   01:46  10.2   0.0   0.9   0.7   9.8   17:37   SSW
17  13.4  15.9   15:50  11.2   00:00   4.9   0.0   0.6   1.0  10.7   10:43     S
18  14.2  16.6   15:28  12.5   09:36   4.1   0.0   0.0   1.2  11.4   02:27     S
19  15.3  18.4   14:30  13.6   00:54   3.0   0.0   3.3   2.8  22.8   15:31   SSW
20  10.7  14.1   00:00   7.9   21:54   7.6   0.0   1.5   1.8  14.5   05:57   WSW
21   7.0  10.2   15:23   3.1   05:09  11.3   0.0   1.5   3.4  24.4   23:09    NW
----------------------------------------------------------------------------------
    11.6  19.7     8     1.5    16   141.0   0.1  96.3   2.1  28.2     5     WSW

Max >=  27.0  0
Max <=   0.0  0
Min <=   0.0  0
Min <= -18.0  0
Max Rain: 37.2 on day 5
Days of Rain: 16 (>= 0.2 mm)  7 (>= 2.0 mm)  1 (>= 20.0 mm)
Heat Base: 18.3  Cool Base: 18.3  Method: Integration
Update : 09/01/2019 01:15:03
Powered by Cumulus :v3.0.0 (3043)