pic 9

Clifton PWS

sun

Now
Today
Yesterday
This Month
This Year
Monthly records
All Time Records

Archive Charts Gauges NOAA Style reports Shap Weather Station

NOAA Style reports
Select a Year or Month report
V/Λ2018 > Jan Feb Mar Apr May Jun Jul Aug Sep Oct Nov Dec
V/Λ2017 > Jan Feb Mar Apr May Jun Jul Aug Sep Oct Nov Dec
V/Λ2016 > Jan Feb Mar Apr May Jun Jul Aug Sep Oct Nov Dec
V/Λ2015 > Jan Feb Mar Apr May Jun Jul Aug Sep Oct Nov Dec
V/Λ2014 > Jan Feb Mar Apr May Jun Jul Aug Sep Oct Nov Dec
V/Λ2013 > Jan Feb Mar Apr May Jun Jul Aug Sep Oct Nov Dec
V/Λ2012 > Jan Feb Mar Apr May Jun Jul Aug Sep Oct Nov Dec
V/Λ2011 > Jan Feb Mar Apr May Jun Jul Aug Sep Oct Nov Dec
V/Λ2010 > Jan Feb Mar Apr May Jun Jul Aug Sep Oct Nov Dec
V/Λ2009 > Jan Feb Mar Apr May Jun Jul Aug Sep Oct Nov Dec

Report for 2018 Jan
                   Monthly Climatological Summary for Jan 2018

Name: Clifton Weather Station   City: Clifton   State: Cumbria
Elevation: 159 m  Lat: N 54 37 51   Lon: W 002 43 06

                  Temperature (°C), Rain (mm), Wind Speed (mph)

                                      Heat  Cool        Avg
    Mean                              Deg   Deg         Wind                 Dom
Day Temp  High   Time   Low    Time   Days  Days  Rain  Speed High   Time    Dir
----------------------------------------------------------------------------------
01   5.2   6.7   12:49   4.0   20:59  13.1   0.0   4.8   3.6  22.8   01:19    SW
02   5.1   7.0   22:25   3.1   08:17  13.2   0.0  10.5   3.9  32.7   22:20     S
03   6.5   7.9   18:31   3.9   02:39  11.8   0.0   9.6  10.6  44.1   02:18    SW
04   5.1   7.1   00:05   3.7   18:26  13.2   0.0  13.2   2.1  16.8   16:10    SW
05   3.3   4.9   13:07   1.7   07:32  15.0   0.0   1.2   1.1   9.2   21:55     W
06   2.8   4.7   14:40   0.3   23:34  15.5   0.0   0.9   2.5  22.1   10:32     N
07  -0.4   2.5   14:36  -2.6   08:50  18.7   0.0   0.0   1.1   8.3   22:53    SW
08   0.8   2.4   13:18  -1.9   03:50  17.5   0.0   0.3   2.3  15.9   18:18   ESE
09   2.7   4.5   22:19   1.5   06:08  15.6   0.0   0.0   2.1  17.4   05:22     E
10   5.0   6.4   12:52   3.8   21:46  13.3   0.0   2.4   0.7   9.8   00:59    NW
11   4.2   5.3   12:38   3.4   01:46  14.1   0.0   0.0   0.6   6.9   05:09     W
12   5.2   7.1   12:39   3.7   03:11  13.1   0.0   0.0   1.2  12.1   14:06     E
13   5.1   6.1   11:16   3.7   00:42  13.2   0.0   0.0   1.8  13.0   07:33     E
14   4.0   5.0   00:01   3.0   07:46  14.3   0.0   2.7   3.7  25.1   21:04    SE
15   5.6   7.3   06:57   3.5   22:10  12.7   0.0   3.9   5.1  26.6   15:36    SW
16   2.4   3.7   00:00   1.1   22:36  15.9   0.0   1.8   8.7  27.3   22:03    SW
----------------------------------------------------------------------------------
     3.9   7.9     3    -2.6     7   230.2   0.0  51.3   3.2  44.1     3     SSW

Max >=  27.0  0
Max <=   0.0  0
Min <=   0.0  2
Min <= -18.0  0
Max Rain: 13.2 on day 4
Days of Rain: 11 (>= 0.2 mm)  7 (>= 2.0 mm)  0 (>= 20.0 mm)
Heat Base: 18.3  Cool Base: 18.3  Method: Integration
Update : 04/11/2016 10:00:04
Powered by Cumulus :v3.0.0 (3040)