pic 9

Clifton PWS

sun

Now
Today
Yesterday
This Month
This Year
Monthly records
All Time Records

Archive Charts Gauges NOAA Style reports Shap Weather Station

NOAA Style reports
Select a Year or Month report
V/Λ2020 > Jan Feb Mar Apr May Jun Jul Aug Sep Oct Nov Dec
V/Λ2019 > Jan Feb Mar Apr May Jun Jul Aug Sep Oct Nov Dec
V/Λ2018 > Jan Feb Mar Apr May Jun Jul Aug Sep Oct Nov Dec
V/Λ2017 > Jan Feb Mar Apr May Jun Jul Aug Sep Oct Nov Dec
V/Λ2016 > Jan Feb Mar Apr May Jun Jul Aug Sep Oct Nov Dec
V/Λ2015 > Jan Feb Mar Apr May Jun Jul Aug Sep Oct Nov Dec
V/Λ2014 > Jan Feb Mar Apr May Jun Jul Aug Sep Oct Nov Dec
V/Λ2013 > Jan Feb Mar Apr May Jun Jul Aug Sep Oct Nov Dec
V/Λ2012 > Jan Feb Mar Apr May Jun Jul Aug Sep Oct Nov Dec
V/Λ2011 > Jan Feb Mar Apr May Jun Jul Aug Sep Oct Nov Dec
V/Λ2010 > Jan Feb Mar Apr May Jun Jul Aug Sep Oct Nov Dec
V/Λ2009 > Jan Feb Mar Apr May Jun Jul Aug Sep Oct Nov Dec

Report for 2020 Mar
                   Monthly Climatological Summary for Mar 2020

Name: Clifton Weather Station   City: Clifton   State: Cumbria
Elevation: 159 m  Lat: N 54 37 50   Lon: W 002 43 05

                  Temperature (°C), Rain (mm), Wind Speed (mph)

                                      Heat  Cool        Avg
    Mean                              Deg   Deg         Wind                 Dom
Day Temp  High   Time   Low    Time   Days  Days  Rain  Speed High   Time    Dir
----------------------------------------------------------------------------------
01   4.3   6.6   14:06   0.9   23:37  14.0   0.0   6.9   0.0   0.0   00:00     N
02   2.9   6.1   12:29   0.2   05:03  15.4   0.0   0.9   0.0   0.0   00:00     N
03   3.7   7.7   14:51  -0.5   05:31  14.6   0.0   1.2   0.0   0.0   00:00     N
04   4.0   8.4   14:00   0.3   05:55  14.3   0.0   0.0   0.0   0.0   00:00     N
05   2.8   8.9   15:08  -1.2   07:19  15.5   0.0   0.0   0.0   0.0   00:00     N
06   4.1   8.5   14:35  -0.6   06:40  14.2   0.0   0.3   0.0   3.1   09:20   ENE
07   7.3  10.2   15:26   1.9   13:47  11.0   0.0   5.7   0.0   0.7   10:40     N
08   7.1   9.9   00:49   4.3   21:50  11.2   0.0  12.3   0.0   0.7   01:13     N
09   6.6  10.5   23:34   4.6   02:20  11.7   0.0   9.3   0.0   0.0   00:00     N
10   8.7  10.7   11:55   5.4   23:11   9.6   0.0   7.8   0.0   0.0   00:00     N
11   6.3   8.5   11:33   2.7   23:29  12.0   0.0  12.6   0.0   0.0   00:00     N
12   4.4   6.4   11:59   1.4   01:16  13.9   0.0   8.1   0.0   0.0   00:00     N
13   4.9   9.2   15:09   1.2   06:15  13.4   0.0   3.6   0.0   0.0   00:00     N
14   7.2  10.3   15:28   4.1   01:15  11.0   0.0   3.0   0.0   0.7   22:43     N
15   7.6   9.7   00:06   5.7   22:41  10.7   0.0   1.5   0.0   0.7   02:17     N
16   7.0   9.3   13:16   5.0   07:21  11.3   0.0   0.3   0.0   0.0   00:00     N
17   9.7  11.4   12:11   7.8   06:28   8.6   0.0   6.9   0.0   0.7   17:40     N
18   6.5   8.4   11:32   3.6   21:43  10.8   0.0   0.3   0.0   0.0   00:00     N
19   4.3   9.4   13:36  -0.2   06:04  13.9   0.0   0.0   0.0   0.0   00:04     N
20   3.5  10.0   14:07  -1.4   06:02  14.8   0.0   0.0   0.0   0.0   00:00     N
21   4.6  10.2   14:04   0.3   04:24  13.6   0.0   0.0   0.0   0.7   14:04     N
22   5.3  11.8   16:02   1.0   06:34  13.0   0.0   0.0   0.0   0.0   00:00     N
23   6.8  13.2   14:50   0.5   02:45  11.5   0.0   0.0   0.0   0.0   00:00     N
24   9.6  13.7   17:22   5.8   00:17   8.7   0.0   0.0   0.0   0.0   00:00     N
25  11.1  16.8   16:12   6.0   23:32   7.2   0.0   0.0   0.0   0.0   00:00     N
26   8.9  17.1   14:48   2.6   05:17   9.4   0.0   0.0   0.0   0.0   00:00     N
27   7.3  15.0   14:44   0.9   06:05  11.0   0.0   0.0   0.0   0.0   00:00     N
----------------------------------------------------------------------------------
     6.2  17.1    26    -1.4    20   326.3   0.0  80.7   0.0   3.1     6     ENE

Max >=  27.0  0
Max <=   0.0  0
Min <=   0.0  5
Min <= -18.0  0
Max Rain: 12.6 on day 11
Days of Rain: 16 (>= 0.2 mm)  10 (>= 2.0 mm)  0 (>= 20.0 mm)
Heat Base: 18.3  Cool Base: 18.3  Method: Integration
Update : 09/01/2019 01:15:03
Powered by Cumulus :v3.0.0 (3043)