pic 9

Clifton PWS

sun

Now
Today
Yesterday
This Month
This Year
Monthly records
All Time Records

Archive Charts Gauges NOAA Style reports Shap Weather Station

NOAA Style reports
Select a Year or Month report

Report for 2017 Nov
                   Monthly Climatological Summary for Nov 2017

Name: Clifton Weather Station   City: Clifton   State: Cumbria
Elevation: 159 m  Lat: N 54 37 51   Lon: W 002 43 06

                  Temperature (°C), Rain (mm), Wind Speed (mph)

                                      Heat  Cool        Avg
    Mean                              Deg   Deg         Wind                 Dom
Day Temp  High   Time   Low    Time   Days  Days  Rain  Speed High   Time    Dir
----------------------------------------------------------------------------------
01  12.1  13.8   13:39  10.0   23:59   6.2   0.0   0.0   2.7  19.7   09:52     S
02   8.3  10.8   14:17   5.7   20:35  10.0   0.0   0.3   1.2  12.1   01:18     W
03   8.0  10.5   14:43   5.0   00:48  10.3   0.0   0.0   0.9  15.2   11:52   SSW
04   7.5  10.1   12:51   3.5   22:55  10.8   0.0   2.4   2.5  16.8   14:17    SW
05   4.2   8.2   14:19   0.2   23:49  14.1   0.0   0.3   1.3  12.1   11:22   WNW
06   4.7   9.0   22:59  -1.0   03:45  13.6   0.0   0.3   2.1  21.3   20:09    SE
07   7.5  10.2   08:19   2.2   23:58  10.8   0.0   0.6   3.7  30.4   03:59     S
08   4.1  10.1   23:28  -1.0   06:32  14.2   0.0   0.0   1.2  15.2   20:05     S
09   9.6  11.2   02:05   7.6   21:15   8.7   0.0   0.0   5.0  21.3   02:12    SW
10   7.3   9.0   03:56   6.2   07:35  11.0   0.0   0.0   5.4  24.4   00:23   WSW
11   5.7   8.2   14:10   3.2   23:59  12.6   0.0   0.0   1.4  13.6   13:27     W
12   3.8   6.3   13:28   0.2   23:54  14.5   0.0   0.0   2.9  16.8   12:52   WNW
13   2.9   9.0   23:56  -1.5   06:21  15.4   0.0   0.0   1.1  13.6   22:29     S
14   9.9  11.2   13:10   8.2   23:58   8.4   0.0   0.3   1.6  16.8   02:51    SW
15   6.4   9.0   23:58   3.4   06:56  11.9   0.0   0.0   0.5   8.3   21:28    SE
16   7.4  10.4   04:23   3.5   23:56  10.9   0.0   1.2   3.9  24.4   07:45    SW
17   5.8   8.2   13:31   2.8   00:27  12.5   0.0   0.6   3.6  23.5   23:53    SW
18   6.0   7.9   00:15   0.7   23:59  12.3   0.0   0.6   4.5  30.4   00:58   WSW
19   1.5   5.2   23:26  -2.1   07:28  16.8   0.0   0.6   0.4   9.8   23:14     E
----------------------------------------------------------------------------------
     6.5  13.8     1    -2.1    19   225.0   0.0   7.2   2.4  30.4     7      SW

Max >=  27.0  0
Max <=   0.0  0
Min <=   0.0  4
Min <= -18.0  0
Max Rain: 2.4 on day 4
Days of Rain: 10 (>= 0.2 mm)  1 (>= 2.0 mm)  0 (>= 20.0 mm)
Heat Base: 18.3  Cool Base: 18.3  Method: Integration
Update : 04/11/2016 10:00:04
Powered by Cumulus :v3.0.0 (3040)